Last updated on 2025-10-22 17:49:32 CEST.
Flavor | Version | Tinstall | Tcheck | Ttotal | Status | Flags |
---|---|---|---|---|---|---|
r-devel-linux-x86_64-debian-clang | 1.0.6 | 8.85 | 73.38 | 82.23 | NOTE | |
r-devel-linux-x86_64-debian-gcc | 1.0.6 | 4.37 | 51.23 | 55.60 | NOTE | |
r-devel-linux-x86_64-fedora-clang | 1.0.6 | 19.00 | 106.67 | 125.67 | OK | |
r-devel-linux-x86_64-fedora-gcc | 1.0.6 | 19.00 | 114.13 | 133.13 | OK | |
r-devel-windows-x86_64 | 1.0.6 | 10.00 | 89.00 | 99.00 | OK | |
r-patched-linux-x86_64 | 1.0.6 | 10.09 | 67.55 | 77.64 | OK | |
r-release-linux-x86_64 | 1.0.6 | 7.06 | 67.77 | 74.83 | OK | |
r-release-macos-arm64 | 1.0.6 | 3.00 | 37.00 | 40.00 | OK | |
r-release-macos-x86_64 | 1.0.6 | 6.00 | 65.00 | 71.00 | OK | |
r-release-windows-x86_64 | 1.0.6 | 10.00 | 88.00 | 98.00 | OK | |
r-oldrel-macos-arm64 | 1.0.6 | 3.00 | 36.00 | 39.00 | OK | |
r-oldrel-macos-x86_64 | 1.0.6 | 5.00 | 54.00 | 59.00 | OK | |
r-oldrel-windows-x86_64 | 1.0.6 | 14.00 | 107.00 | 121.00 | OK |
Version: 1.0.6
Check: HTML version of manual
Result: NOTE
Found the following HTML validation problems:
boot_auto_mrp.html:459:1 (boot_auto_mrp.Rd:321): Warning: missing </ul> before </div>
ebma.html:166:1 (ebma.Rd:96): Warning: missing </ul> before </div>
post_stratification.html:246:1 (post_stratification.Rd:156): Warning: missing </ul> before </div>
quiet.html:46:1 (quiet.Rd:10): Warning: missing </ul> before </div>
run_classifiers.html:477:1 (run_classifiers.Rd:332): Warning: missing </ul> before </div>
Flavors: r-devel-linux-x86_64-debian-clang, r-devel-linux-x86_64-debian-gcc