Last updated on 2025-10-23 05:51:46 CEST.
| Flavor | Version | Tinstall | Tcheck | Ttotal | Status | Flags |
|---|---|---|---|---|---|---|
| r-devel-linux-x86_64-debian-clang | 0.5.1 | 1.71 | 21.39 | 23.10 | OK | |
| r-devel-linux-x86_64-debian-gcc | 0.5.1 | 1.55 | 17.82 | 19.37 | OK | |
| r-devel-linux-x86_64-fedora-clang | 0.5.1 | 34.87 | OK | |||
| r-devel-linux-x86_64-fedora-gcc | 0.5.1 | 32.96 | OK | |||
| r-devel-windows-x86_64 | 0.5.1 | 4.00 | 41.00 | 45.00 | OK | |
| r-patched-linux-x86_64 | 0.5.1 | 1.90 | 20.17 | 22.07 | OK | |
| r-release-linux-x86_64 | 0.5.1 | 1.68 | 20.36 | 22.04 | OK | |
| r-release-macos-arm64 | 0.5.1 | 1.00 | 17.00 | 18.00 | OK | |
| r-release-macos-x86_64 | 0.5.1 | 2.00 | 22.00 | 24.00 | OK | |
| r-release-windows-x86_64 | 0.5.1 | 4.00 | 42.00 | 46.00 | OK | |
| r-oldrel-macos-arm64 | 0.5.1 | 1.00 | 14.00 | 15.00 | NOTE | |
| r-oldrel-macos-x86_64 | 0.5.1 | 1.00 | 20.00 | 21.00 | NOTE | |
| r-oldrel-windows-x86_64 | 0.5.1 | 4.00 | 47.00 | 51.00 | NOTE |
Version: 0.5.1
Check: LazyData
Result: NOTE
'LazyData' is specified without a 'data' directory
Flavors: r-oldrel-macos-arm64, r-oldrel-macos-x86_64, r-oldrel-windows-x86_64