CRAN Package Check Results for Package automl

Last updated on 2025-10-22 11:51:00 CEST.

Flavor Version Tinstall Tcheck Ttotal Status Flags
r-devel-linux-x86_64-debian-clang 1.3.2 3.68 37.04 40.72 NOTE
r-devel-linux-x86_64-debian-gcc 1.3.2 2.81 26.66 29.47 NOTE
r-devel-linux-x86_64-fedora-clang 1.3.2 14.00 48.32 62.32 OK
r-devel-linux-x86_64-fedora-gcc 1.3.2 72.40 OK
r-devel-windows-x86_64 1.3.2 4.00 57.00 61.00 OK
r-patched-linux-x86_64 1.3.2 3.68 34.02 37.70 OK
r-release-linux-x86_64 1.3.2 3.59 34.63 38.22 OK
r-release-macos-arm64 1.3.2 2.00 23.00 25.00 OK
r-release-macos-x86_64 1.3.2 3.00 44.00 47.00 OK
r-release-windows-x86_64 1.3.2 4.00 65.00 69.00 OK
r-oldrel-macos-arm64 1.3.2 2.00 25.00 27.00 NOTE
r-oldrel-macos-x86_64 1.3.2 3.00 38.00 41.00 NOTE
r-oldrel-windows-x86_64 1.3.2 5.00 58.00 63.00 NOTE

Check Details

Version: 1.3.2
Check: HTML version of manual
Result: NOTE Found the following HTML validation problems: autopar.html:192:1 (autopar.Rd:73): Warning: missing </ul> before </div> Flavors: r-devel-linux-x86_64-debian-clang, r-devel-linux-x86_64-debian-gcc

Version: 1.3.2
Check: LazyData
Result: NOTE 'LazyData' is specified without a 'data' directory Flavors: r-oldrel-macos-arm64, r-oldrel-macos-x86_64, r-oldrel-windows-x86_64