Last updated on 2025-10-22 11:51:00 CEST.
Flavor | Version | Tinstall | Tcheck | Ttotal | Status | Flags |
---|---|---|---|---|---|---|
r-devel-linux-x86_64-debian-clang | 3.1.5 | 13.07 | 86.90 | 99.97 | NOTE | |
r-devel-linux-x86_64-debian-gcc | 3.1.5 | 7.91 | 58.73 | 66.64 | NOTE | |
r-devel-linux-x86_64-fedora-clang | 3.1.5 | 73.00 | 89.16 | 162.16 | OK | |
r-devel-linux-x86_64-fedora-gcc | 3.1.5 | 26.00 | 128.16 | 154.16 | OK | |
r-devel-windows-x86_64 | 3.1.5 | 15.00 | 90.00 | 105.00 | OK | |
r-patched-linux-x86_64 | 3.1.5 | 12.21 | 78.54 | 90.75 | OK | |
r-release-linux-x86_64 | 3.1.5 | 11.81 | 78.65 | 90.46 | OK | |
r-release-macos-arm64 | 3.1.5 | 5.00 | 39.00 | 44.00 | OK | |
r-release-macos-x86_64 | 3.1.5 | 10.00 | 71.00 | 81.00 | OK | |
r-release-windows-x86_64 | 3.1.5 | 15.00 | 91.00 | 106.00 | OK | |
r-oldrel-macos-arm64 | 3.1.5 | 5.00 | 38.00 | 43.00 | OK | |
r-oldrel-macos-x86_64 | 3.1.5 | 14.00 | 87.00 | 101.00 | OK | |
r-oldrel-windows-x86_64 | 3.1.5 | 22.00 | 112.00 | 134.00 | OK |
Version: 3.1.5
Check: HTML version of manual
Result: NOTE
Found the following HTML validation problems:
stsm_fixed_pars.html:92:1 (stsm_fixed_pars.Rd:42): Warning: missing </ul> before </div>
stsm_na_kalman.html:48:1 (stsm_na_kalman.Rd:10): Warning: missing </ul> before </div>
Flavors: r-devel-linux-x86_64-debian-clang, r-devel-linux-x86_64-debian-gcc