Last updated on 2025-10-21 11:53:16 CEST.
Flavor | Version | Tinstall | Tcheck | Ttotal | Status | Flags |
---|---|---|---|---|---|---|
r-devel-linux-x86_64-debian-clang | 0.2.0 | 1.76 | 25.07 | 26.83 | NOTE | |
r-devel-linux-x86_64-debian-gcc | 0.2.0 | 1.69 | 20.23 | 21.92 | NOTE | |
r-devel-linux-x86_64-fedora-clang | 0.2.0 | 38.34 | OK | |||
r-devel-linux-x86_64-fedora-gcc | 0.2.0 | 36.50 | OK | |||
r-devel-windows-x86_64 | 0.2.0 | 6.00 | 61.00 | 67.00 | OK | |
r-patched-linux-x86_64 | 0.2.0 | 2.39 | 22.45 | 24.84 | OK | |
r-release-linux-x86_64 | 0.2.0 | 2.04 | 22.73 | 24.77 | OK | |
r-release-macos-arm64 | 0.2.0 | 36.00 | OK | |||
r-release-macos-x86_64 | 0.2.0 | 4.00 | 34.00 | 38.00 | OK | |
r-release-windows-x86_64 | 0.2.0 | 7.00 | 63.00 | 70.00 | OK | |
r-oldrel-macos-arm64 | 0.2.0 | 18.00 | NOTE | |||
r-oldrel-macos-x86_64 | 0.2.0 | 25.00 | NOTE | |||
r-oldrel-windows-x86_64 | 0.2.0 | 6.00 | 67.00 | 73.00 | NOTE |
Version: 0.2.0
Check: HTML version of manual
Result: NOTE
Found the following HTML validation problems:
get_function_name.html:56:1 (get_function_name.Rd:18): Warning: missing </ul> before </div>
op-null-default.html:48:1 (op-null-default.Rd:11): Warning: missing </ul> before </div>
Flavors: r-devel-linux-x86_64-debian-clang, r-devel-linux-x86_64-debian-gcc
Version: 0.2.0
Check: LazyData
Result: NOTE
'LazyData' is specified without a 'data' directory
Flavors: r-oldrel-macos-arm64, r-oldrel-macos-x86_64, r-oldrel-windows-x86_64