Last updated on 2025-10-25 12:49:42 CEST.
| Flavor | Version | Tinstall | Tcheck | Ttotal | Status | Flags |
|---|---|---|---|---|---|---|
| r-devel-linux-x86_64-debian-clang | 0.6.0 | 2.09 | 27.97 | 30.06 | NOTE | |
| r-devel-linux-x86_64-debian-gcc | 0.6.0 | 1.55 | 22.79 | 24.34 | NOTE | |
| r-devel-linux-x86_64-fedora-clang | 0.6.0 | 42.78 | OK | |||
| r-devel-linux-x86_64-fedora-gcc | 0.6.0 | 40.81 | OK | |||
| r-devel-windows-x86_64 | 0.6.0 | 6.00 | 67.00 | 73.00 | OK | |
| r-patched-linux-x86_64 | 0.6.0 | 1.77 | 25.87 | 27.64 | OK | |
| r-release-linux-x86_64 | 0.6.0 | 2.18 | 25.61 | 27.79 | OK | |
| r-release-macos-arm64 | 0.6.0 | 4.00 | 32.00 | 36.00 | OK | |
| r-release-macos-x86_64 | 0.6.0 | 4.00 | 32.00 | 36.00 | OK | |
| r-release-windows-x86_64 | 0.6.0 | 6.00 | 69.00 | 75.00 | OK | |
| r-oldrel-macos-arm64 | 0.6.0 | 3.00 | 24.00 | 27.00 | OK | |
| r-oldrel-macos-x86_64 | 0.6.0 | 4.00 | 28.00 | 32.00 | OK | |
| r-oldrel-windows-x86_64 | 0.6.0 | 6.00 | 72.00 | 78.00 | OK |
Version: 0.6.0
Check: CRAN incoming feasibility
Result: NOTE
Maintainer: ‘Jonathan Stott <jonathan.stott@magairports.com>’
Package CITATION file contains call(s) to old-style personList() or
as.personList(). Please use c() on person objects instead.
Package CITATION file contains call(s) to old-style citEntry(). Please
use bibentry() instead.
Flavors: r-devel-linux-x86_64-debian-clang, r-devel-linux-x86_64-debian-gcc