Last updated on 2025-10-22 11:51:03 CEST.
Flavor | Version | Tinstall | Tcheck | Ttotal | Status | Flags |
---|---|---|---|---|---|---|
r-devel-linux-x86_64-debian-clang | 0.3-3 | 8.25 | 130.85 | 139.10 | NOTE | |
r-devel-linux-x86_64-debian-gcc | 0.3-3 | 5.91 | 92.18 | 98.09 | NOTE | |
r-devel-linux-x86_64-fedora-clang | 0.3-3 | 27.00 | 185.00 | 212.00 | OK | |
r-devel-linux-x86_64-fedora-gcc | 0.3-3 | 16.00 | 202.90 | 218.90 | OK | |
r-devel-windows-x86_64 | 0.3-3 | 10.00 | 124.00 | 134.00 | OK | |
r-patched-linux-x86_64 | 0.3-3 | 7.92 | 123.52 | 131.44 | OK | |
r-release-linux-x86_64 | 0.3-3 | 8.65 | 124.57 | 133.22 | OK | |
r-release-macos-arm64 | 0.3-3 | 4.00 | 63.00 | 67.00 | OK | |
r-release-macos-x86_64 | 0.3-3 | 13.00 | 156.00 | 169.00 | OK | |
r-release-windows-x86_64 | 0.3-3 | 10.00 | 128.00 | 138.00 | OK | |
r-oldrel-macos-arm64 | 0.3-3 | 5.00 | 66.00 | 71.00 | OK | |
r-oldrel-macos-x86_64 | 0.3-3 | 7.00 | 150.00 | 157.00 | OK | |
r-oldrel-windows-x86_64 | 0.3-3 | 12.00 | 170.00 | 182.00 | OK |
Version: 0.3-3
Check: HTML version of manual
Result: NOTE
Found the following HTML validation problems:
internals.html:92:1 (internals.Rd:44): Warning: missing </ul> before </div>
Flavors: r-devel-linux-x86_64-debian-clang, r-devel-linux-x86_64-debian-gcc