Last updated on 2025-10-21 17:49:42 CEST.
Flavor | Version | Tinstall | Tcheck | Ttotal | Status | Flags |
---|---|---|---|---|---|---|
r-devel-linux-x86_64-debian-clang | 1.3.1 | 36.28 | 34.33 | 70.61 | NOTE | |
r-devel-linux-x86_64-debian-gcc | 1.3.1 | 23.73 | 26.58 | 50.31 | NOTE | |
r-devel-linux-x86_64-fedora-clang | 1.3.1 | 80.00 | 41.37 | 121.37 | OK | |
r-devel-linux-x86_64-fedora-gcc | 1.3.1 | 77.00 | 56.31 | 133.31 | OK | |
r-devel-windows-x86_64 | 1.3.1 | 41.00 | 76.00 | 117.00 | OK | |
r-patched-linux-x86_64 | 1.3.1 | 37.71 | 32.57 | 70.28 | OK | |
r-release-linux-x86_64 | 1.3.1 | 37.09 | 32.25 | 69.34 | OK | |
r-release-macos-arm64 | 1.3.1 | 15.00 | 61.00 | 76.00 | OK | |
r-release-macos-x86_64 | 1.3.1 | 23.00 | 85.00 | 108.00 | OK | |
r-release-windows-x86_64 | 1.3.1 | 42.00 | 78.00 | 120.00 | OK | |
r-oldrel-macos-arm64 | 1.3.1 | 15.00 | 49.00 | 64.00 | OK | |
r-oldrel-macos-x86_64 | 1.3.1 | 20.00 | 97.00 | 117.00 | OK | |
r-oldrel-windows-x86_64 | 1.3.1 | 49.00 | 85.00 | 134.00 | OK |
Version: 1.3.1
Check: HTML version of manual
Result: NOTE
Found the following HTML validation problems:
print.bama.html:51:1 (print.bama.Rd:12): Warning: missing </ul> before </div>
print.fdr.bama.html:51:1 (print.fdr.bama.Rd:12): Warning: missing </ul> before </div>
Flavors: r-devel-linux-x86_64-debian-clang, r-devel-linux-x86_64-debian-gcc