CRAN Package Check Results for Package bamdit

Last updated on 2025-10-21 11:53:16 CEST.

Flavor Version Tinstall Tcheck Ttotal Status Flags
r-devel-linux-x86_64-debian-clang 3.4.4 8.36 67.19 75.55 NOTE
r-devel-linux-x86_64-debian-gcc 3.4.4 5.04 49.71 54.75 NOTE
r-devel-linux-x86_64-fedora-clang 3.4.4 113.82 OK
r-devel-linux-x86_64-fedora-gcc 3.4.4 19.00 93.33 112.33 OK
r-devel-windows-x86_64 3.4.4 11.00 79.00 90.00 OK
r-patched-linux-x86_64 3.4.4 7.34 62.32 69.66 OK
r-release-linux-x86_64 3.4.4 7.71 61.98 69.69 OK
r-release-macos-arm64 3.4.4 35.00 OK
r-release-macos-x86_64 3.4.4 12.00 61.00 73.00 OK
r-release-windows-x86_64 3.4.4 12.00 81.00 93.00 OK
r-oldrel-macos-arm64 3.4.4 32.00 OK
r-oldrel-macos-x86_64 3.4.4 65.00 OK
r-oldrel-windows-x86_64 3.4.4 13.00 99.00 112.00 OK

Check Details

Version: 3.4.4
Check: HTML version of manual
Result: NOTE Found the following HTML validation problems: print.metadiag.html:55:1 (print.metadiag.Rd:14): Warning: missing </ul> before </div> summary.metadiag.html:55:1 (summary.metadiag.Rd:14): Warning: missing </ul> before </div> Flavors: r-devel-linux-x86_64-debian-clang, r-devel-linux-x86_64-debian-gcc