Last updated on 2025-10-21 17:49:42 CEST.
Flavor | Version | Tinstall | Tcheck | Ttotal | Status | Flags |
---|---|---|---|---|---|---|
r-devel-linux-x86_64-debian-clang | 1.0-9 | 6.70 | 139.64 | 146.34 | NOTE | |
r-devel-linux-x86_64-debian-gcc | 1.0-9 | 4.17 | 94.29 | 98.46 | NOTE | |
r-devel-linux-x86_64-fedora-clang | 1.0-9 | 12.00 | 229.19 | 241.19 | OK | |
r-devel-linux-x86_64-fedora-gcc | 1.0-9 | 14.00 | 217.81 | 231.81 | OK | |
r-devel-windows-x86_64 | 1.0-9 | 8.00 | 186.00 | 194.00 | OK | |
r-patched-linux-x86_64 | 1.0-9 | 6.31 | 136.68 | 142.99 | OK | |
r-release-linux-x86_64 | 1.0-9 | 5.51 | 135.22 | 140.73 | OK | |
r-release-macos-arm64 | 1.0-9 | 4.00 | 83.00 | 87.00 | OK | |
r-release-macos-x86_64 | 1.0-9 | 6.00 | 165.00 | 171.00 | OK | |
r-release-windows-x86_64 | 1.0-9 | 7.00 | 189.00 | 196.00 | OK | |
r-oldrel-macos-arm64 | 1.0-9 | 3.00 | 69.00 | 72.00 | OK | |
r-oldrel-macos-x86_64 | 1.0-9 | 9.00 | 175.00 | 184.00 | OK | |
r-oldrel-windows-x86_64 | 1.0-9 | 11.00 | 259.00 | 270.00 | OK |
Version: 1.0-9
Check: top-level files
Result: NOTE
Found the following validation problem for the NEWS.Rd HTML conversion:
NEWS.html:40:1 (inst/NEWS.Rd:12): Warning: <h4> anchor "USER-VISIBLE-CHANGES" already defined
NEWS.html:92:1 (inst/NEWS.Rd:38): Warning: <h4> anchor "BUG-FIXES" already defined
NEWS.html:120:1 (inst/NEWS.Rd:52): Warning: <h4> anchor "NEW-FEATURES" already defined
NEWS.html:133:1 (inst/NEWS.Rd:59): Warning: <h4> anchor "USER-VISIBLE-CHANGES" already defined
NEWS.html:161:1 (inst/NEWS.Rd:75): Warning: <h4> anchor "BUG-FIXES" already defined
NEWS.html:178:1 (inst/NEWS.Rd:84): Warning: <h4> anchor "NEW-FEATURES" already defined
NEWS.html:191:1 (inst/NEWS.Rd:91): Warning: <h4> anchor "BUG-FIXES" already defined
Flavors: r-devel-linux-x86_64-debian-clang, r-devel-linux-x86_64-debian-gcc