CRAN Package Check Results for Package batteryreduction

Last updated on 2025-10-23 11:50:07 CEST.

Flavor Version Tinstall Tcheck Ttotal Status Flags
r-devel-linux-x86_64-debian-clang 0.1.1 1.64 18.35 19.99 NOTE
r-devel-linux-x86_64-debian-gcc 0.1.1 1.36 15.69 17.05 NOTE
r-devel-linux-x86_64-fedora-clang 0.1.1 29.63 OK
r-devel-linux-x86_64-fedora-gcc 0.1.1 28.21 OK
r-devel-windows-x86_64 0.1.1 2.00 36.00 38.00 OK
r-patched-linux-x86_64 0.1.1 1.55 17.79 19.34 OK
r-release-linux-x86_64 0.1.1 1.34 17.48 18.82 OK
r-release-macos-arm64 0.1.1 1.00 13.00 14.00 OK
r-release-macos-x86_64 0.1.1 2.00 19.00 21.00 OK
r-release-windows-x86_64 0.1.1 2.00 38.00 40.00 OK
r-oldrel-macos-arm64 0.1.1 1.00 16.00 17.00 OK
r-oldrel-macos-x86_64 0.1.1 1.00 18.00 19.00 OK
r-oldrel-windows-x86_64 0.1.1 3.00 38.00 41.00 OK

Check Details

Version: 0.1.1
Check: CRAN incoming feasibility
Result: NOTE Maintainer: ‘Chunqiao Luo <chunqiaoluo@gmail.com>’ Package CITATION file contains call(s) to old-style citEntry(). Please use bibentry() instead. Flavors: r-devel-linux-x86_64-debian-clang, r-devel-linux-x86_64-debian-gcc