Last updated on 2025-10-22 23:49:49 CEST.
Flavor | Version | Tinstall | Tcheck | Ttotal | Status | Flags |
---|---|---|---|---|---|---|
r-devel-linux-x86_64-debian-clang | 1.2.0 | 10.40 | 72.99 | 83.39 | NOTE | |
r-devel-linux-x86_64-debian-gcc | 1.2.0 | 6.71 | 50.78 | 57.49 | NOTE | |
r-devel-linux-x86_64-fedora-clang | 1.2.0 | 42.00 | 90.34 | 132.34 | NOTE | |
r-devel-linux-x86_64-fedora-gcc | 1.2.0 | 37.00 | 89.13 | 126.13 | NOTE | |
r-devel-windows-x86_64 | 1.2.0 | 12.00 | 79.00 | 91.00 | OK | |
r-patched-linux-x86_64 | 1.2.0 | 9.15 | 68.24 | 77.39 | OK | |
r-release-linux-x86_64 | 1.2.0 | 8.76 | 69.06 | 77.82 | OK | |
r-release-macos-arm64 | 1.2.0 | 6.00 | 44.00 | 50.00 | OK | |
r-release-macos-x86_64 | 1.2.0 | 8.00 | 48.00 | 56.00 | OK | |
r-release-windows-x86_64 | 1.2.0 | 10.00 | 78.00 | 88.00 | OK | |
r-oldrel-macos-arm64 | 1.2.0 | 4.00 | 28.00 | 32.00 | OK | |
r-oldrel-macos-x86_64 | 1.2.0 | 6.00 | 42.00 | 48.00 | OK | |
r-oldrel-windows-x86_64 | 1.2.0 | 16.00 | 102.00 | 118.00 | OK |
Version: 1.2.0
Check: CRAN incoming feasibility
Result: NOTE
Maintainer: ‘Evan A Martin <evanamartin@gmail.com>’
No Authors@R field in DESCRIPTION.
Please add one, modifying
Authors@R: c(person(given = c("Evan", "A"),
family = "Martin",
role = c("aut", "cre"),
email = "evanamartin@gmail.com"),
person(given = c("Audrey", "Qiuyan"),
family = "Fu",
role = "aut"))
as necessary.
The Description field contains
References: Martin and Fu (2019) <arXiv:1909.10678>.
Please refer to arXiv e-prints via their arXiv DOI <doi:10.48550/arXiv.YYMM.NNNNN>.
Flavors: r-devel-linux-x86_64-debian-clang, r-devel-linux-x86_64-debian-gcc
Version: 1.2.0
Check: HTML version of manual
Result: NOTE
Found the following HTML validation problems:
plot-baycn-method.html:91:1 (plot-baycn-method.Rd:42): Warning: missing </ul> before </div>
show-baycn-method.html:47:1 (show-baycn-method.Rd:10): Warning: missing </ul> before </div>
summary-baycn-method.html:51:1 (summary-baycn-method.Rd:12): Warning: missing </ul> before </div>
tracePlot.html:48:1 (tracePlot.Rd:10): Warning: missing </ul> before </div>
Flavor: r-devel-linux-x86_64-debian-clang
Version: 1.2.0
Check: Rd files
Result: NOTE
checkRd: (-1) simdata.Rd:50: height/width attributes should be in pixels
checkRd: (-1) simdata.Rd:66: height/width attributes should be in pixels
checkRd: (-1) simdata.Rd:78: height/width attributes should be in pixels
checkRd: (-1) simdata.Rd:89: height/width attributes should be in pixels
checkRd: (-1) simdata.Rd:103: height/width attributes should be in pixels
checkRd: (-1) simdata.Rd:113: height/width attributes should be in pixels
checkRd: (-1) simdata.Rd:119: height/width attributes should be in pixels
Flavors: r-devel-linux-x86_64-debian-gcc, r-devel-linux-x86_64-fedora-clang, r-devel-linux-x86_64-fedora-gcc