Last updated on 2025-10-21 17:49:42 CEST.
Flavor | Version | Tinstall | Tcheck | Ttotal | Status | Flags |
---|---|---|---|---|---|---|
r-devel-linux-x86_64-debian-clang | 0.2.1 | 5.75 | 63.40 | 69.15 | NOTE | |
r-devel-linux-x86_64-debian-gcc | 0.2.1 | 4.33 | 45.55 | 49.88 | NOTE | |
r-devel-linux-x86_64-fedora-clang | 0.2.1 | 14.00 | 92.16 | 106.16 | OK | |
r-devel-linux-x86_64-fedora-gcc | 0.2.1 | 12.00 | 88.97 | 100.97 | OK | |
r-devel-windows-x86_64 | 0.2.1 | 9.00 | 73.00 | 82.00 | OK | |
r-patched-linux-x86_64 | 0.2.1 | 5.56 | 59.52 | 65.08 | OK | |
r-release-linux-x86_64 | 0.2.1 | 5.62 | 60.03 | 65.65 | OK | |
r-release-macos-arm64 | 0.2.1 | 3.00 | 24.00 | 27.00 | OK | |
r-release-macos-x86_64 | 0.2.1 | 7.00 | 69.00 | 76.00 | OK | |
r-release-windows-x86_64 | 0.2.1 | 10.00 | 74.00 | 84.00 | OK | |
r-oldrel-macos-arm64 | 0.2.1 | 3.00 | 26.00 | 29.00 | OK | |
r-oldrel-macos-x86_64 | 0.2.1 | 3.00 | 43.00 | 46.00 | OK | |
r-oldrel-windows-x86_64 | 0.2.1 | 11.00 | 92.00 | 103.00 | OK |
Version: 0.2.1
Check: HTML version of manual
Result: NOTE
Found the following HTML validation problems:
efdr-efnr.html:55:1 (efdr-efnr.Rd:16): Warning: missing </ul> before </div>
utils.html:54:1 (utils.Rd:15): Warning: missing </ul> before </div>
Flavors: r-devel-linux-x86_64-debian-clang, r-devel-linux-x86_64-debian-gcc