Last updated on 2025-10-24 05:50:32 CEST.
| Flavor | Version | Tinstall | Tcheck | Ttotal | Status | Flags |
|---|---|---|---|---|---|---|
| r-devel-linux-x86_64-debian-clang | 0.2.3 | 2.04 | 31.77 | 33.81 | NOTE | |
| r-devel-linux-x86_64-debian-gcc | 0.2.3 | 1.56 | 25.09 | 26.65 | OK | |
| r-devel-linux-x86_64-fedora-clang | 0.2.3 | 50.18 | OK | |||
| r-devel-linux-x86_64-fedora-gcc | 0.2.3 | 47.74 | OK | |||
| r-devel-windows-x86_64 | 0.2.3 | 3.00 | 49.00 | 52.00 | OK | |
| r-patched-linux-x86_64 | 0.2.3 | 1.86 | 29.94 | 31.80 | OK | |
| r-release-linux-x86_64 | 0.2.3 | 1.95 | 28.96 | 30.91 | OK | |
| r-release-macos-arm64 | 0.2.3 | 1.00 | 19.00 | 20.00 | OK | |
| r-release-macos-x86_64 | 0.2.3 | 2.00 | 31.00 | 33.00 | OK | |
| r-release-windows-x86_64 | 0.2.3 | 3.00 | 51.00 | 54.00 | OK | |
| r-oldrel-macos-arm64 | 0.2.3 | 1.00 | 33.00 | 34.00 | OK | |
| r-oldrel-macos-x86_64 | 0.2.3 | 2.00 | 51.00 | 53.00 | OK | |
| r-oldrel-windows-x86_64 | 0.2.3 | 4.00 | 56.00 | 60.00 | OK |
Version: 0.2.3
Check: HTML version of manual
Result: NOTE
Found the following HTML validation problems:
plot.bayesboot.html:63:1 (plot.bayesboot.Rd:18): Warning: missing </ul> before </div>
print.bayesboot.html:55:1 (print.bayesboot.Rd:14): Warning: missing </ul> before </div>
Flavor: r-devel-linux-x86_64-debian-clang