CRAN Package Check Results for Package bdpv

Last updated on 2025-10-21 23:50:48 CEST.

Flavor Version Tinstall Tcheck Ttotal Status Flags
r-devel-linux-x86_64-debian-clang 1.4 3.08 26.78 29.86 NOTE
r-devel-linux-x86_64-debian-gcc 1.4 2.14 20.58 22.72 NOTE
r-devel-linux-x86_64-fedora-clang 1.4 14.00 33.47 47.47 OK
r-devel-linux-x86_64-fedora-gcc 1.4 42.38 OK
r-devel-windows-x86_64 1.4 4.00 44.00 48.00 OK
r-patched-linux-x86_64 1.4 3.17 25.54 28.71 OK
r-release-linux-x86_64 1.4 2.71 26.01 28.72 OK
r-release-macos-arm64 1.4 1.00 37.00 38.00 OK
r-release-macos-x86_64 1.4 2.00 45.00 47.00 OK
r-release-windows-x86_64 1.4 9.00 62.00 71.00 OK
r-oldrel-macos-arm64 1.4 2.00 36.00 38.00 OK
r-oldrel-macos-x86_64 1.4 3.00 47.00 50.00 OK
r-oldrel-windows-x86_64 1.4 6.00 52.00 58.00 OK

Check Details

Version: 1.4
Check: HTML version of manual
Result: NOTE Found the following HTML validation problems: print.BDtest.html:53:1 (print.BDtest.Rd:15): Warning: missing </ul> before </div> Flavors: r-devel-linux-x86_64-debian-clang, r-devel-linux-x86_64-debian-gcc