Last updated on 2025-10-21 23:50:48 CEST.
Flavor | Version | Tinstall | Tcheck | Ttotal | Status | Flags |
---|---|---|---|---|---|---|
r-devel-linux-x86_64-debian-clang | 1.3-7 | 10.18 | 45.58 | 55.76 | NOTE | |
r-devel-linux-x86_64-debian-gcc | 1.3-7 | 7.39 | 33.03 | 40.42 | NOTE | |
r-devel-linux-x86_64-fedora-clang | 1.3-7 | 76.00 | 16.38 | 92.38 | OK | |
r-devel-linux-x86_64-fedora-gcc | 1.3-7 | 25.00 | 58.76 | 83.76 | OK | |
r-devel-windows-x86_64 | 1.3-7 | 19.00 | 62.00 | 81.00 | OK | |
r-patched-linux-x86_64 | 1.3-7 | 10.27 | 43.31 | 53.58 | OK | |
r-release-linux-x86_64 | 1.3-7 | 9.54 | 43.24 | 52.78 | OK | |
r-release-macos-arm64 | 1.3-7 | 7.00 | 25.00 | 32.00 | OK | |
r-release-macos-x86_64 | 1.3-7 | 9.00 | 41.00 | 50.00 | OK | |
r-release-windows-x86_64 | 1.3-7 | 23.00 | 67.00 | 90.00 | OK | |
r-oldrel-macos-arm64 | 1.3-7 | 6.00 | 30.00 | 36.00 | OK | |
r-oldrel-macos-x86_64 | 1.3-7 | 7.00 | 35.00 | 42.00 | OK | |
r-oldrel-windows-x86_64 | 1.3-7 | 18.00 | 60.00 | 78.00 | OK |
Version: 1.3-7
Check: CRAN incoming feasibility
Result: NOTE
Maintainer: ‘Terry Therneau <therneau.terry@mayo.edu>’
No Authors@R field in DESCRIPTION.
Please add one, modifying
Authors@R: person(given = "Terry",
family = "Therneau",
role = c("aut", "cre"),
email = "therneau.terry@mayo.edu")
as necessary.
Flavors: r-devel-linux-x86_64-debian-clang, r-devel-linux-x86_64-debian-gcc