Last updated on 2025-10-24 18:49:50 CEST.
| Flavor | Version | Tinstall | Tcheck | Ttotal | Status | Flags |
|---|---|---|---|---|---|---|
| r-devel-linux-x86_64-debian-clang | 2.0.4 | 44.26 | 76.50 | 120.76 | OK | |
| r-devel-linux-x86_64-debian-gcc | 2.0.4 | 28.46 | 56.65 | 85.11 | OK | |
| r-devel-linux-x86_64-fedora-clang | 2.0.4 | 171.00 | 29.21 | 200.21 | OK | |
| r-devel-linux-x86_64-fedora-gcc | 2.0.4 | 105.00 | 83.01 | 188.01 | OK | |
| r-devel-windows-x86_64 | 2.0.4 | 51.00 | 100.00 | 151.00 | OK | |
| r-patched-linux-x86_64 | 2.0.4 | 43.88 | 71.72 | 115.60 | OK | |
| r-release-linux-x86_64 | 2.0.4 | 43.39 | 72.04 | 115.43 | OK | |
| r-release-macos-arm64 | 2.0.4 | 21.00 | 34.00 | 55.00 | OK | |
| r-release-macos-x86_64 | 2.0.4 | 50.00 | 82.00 | 132.00 | OK | |
| r-release-windows-x86_64 | 2.0.4 | 53.00 | 103.00 | 156.00 | OK | |
| r-oldrel-macos-arm64 | 2.0.4 | 16.00 | 38.00 | 54.00 | OK | |
| r-oldrel-macos-x86_64 | 2.0.4 | 59.00 | 87.00 | 146.00 | NOTE | |
| r-oldrel-windows-x86_64 | 2.0.4 | 61.00 | 135.00 | 196.00 | OK |
Version: 2.0.4
Check: installed package size
Result: NOTE
installed size is 5.0Mb
sub-directories of 1Mb or more:
libs 4.4Mb
Flavor: r-oldrel-macos-x86_64