Last updated on 2024-05-26 21:49:10 CEST.
Flavor | Version | Tinstall | Tcheck | Ttotal | Status | Flags |
---|---|---|---|---|---|---|
r-devel-linux-x86_64-debian-clang | 3.1 | 1037.77 | 309.52 | 1347.29 | NOTE | |
r-devel-linux-x86_64-debian-gcc | 3.1 | 874.04 | 286.52 | 1160.56 | NOTE | |
r-devel-linux-x86_64-fedora-clang | 3.1 | 1679.93 | NOTE | |||
r-devel-linux-x86_64-fedora-gcc | 3.1 | 2337.51 | NOTE | |||
r-devel-windows-x86_64 | 3.1 | 737.00 | 290.00 | 1027.00 | NOTE | |
r-patched-linux-x86_64 | 3.1 | 717.35 | 369.21 | 1086.56 | NOTE | |
r-release-linux-x86_64 | 3.1 | 812.20 | 375.73 | 1187.93 | NOTE | |
r-release-macos-arm64 | 3.1 | 381.00 | NOTE | |||
r-release-windows-x86_64 | 3.1 | 761.00 | 291.00 | 1052.00 | NOTE | |
r-oldrel-macos-arm64 | 3.1 | 329.00 | NOTE | |||
r-oldrel-macos-x86_64 | 3.1 | 364.00 | NOTE | |||
r-oldrel-windows-x86_64 | 3.1 | 1010.00 | 380.00 | 1390.00 | NOTE |
Version: 3.1
Check: for GNU extensions in Makefiles
Result: NOTE
GNU make is a SystemRequirements.
Flavors: r-devel-linux-x86_64-debian-clang, r-devel-linux-x86_64-debian-gcc, r-devel-linux-x86_64-fedora-clang, r-devel-linux-x86_64-fedora-gcc, r-devel-windows-x86_64, r-patched-linux-x86_64, r-release-linux-x86_64, r-release-macos-arm64, r-release-windows-x86_64, r-oldrel-macos-arm64, r-oldrel-macos-x86_64, r-oldrel-windows-x86_64
Version: 3.1
Check: installed package size
Result: NOTE
installed size is 9.2Mb
sub-directories of 1Mb or more:
libs 7.6Mb
Flavors: r-devel-linux-x86_64-fedora-clang, r-devel-windows-x86_64, r-release-macos-arm64, r-release-windows-x86_64, r-oldrel-macos-arm64, r-oldrel-macos-x86_64, r-oldrel-windows-x86_64