Last updated on 2025-10-21 17:49:42 CEST.
Flavor | Version | Tinstall | Tcheck | Ttotal | Status | Flags |
---|---|---|---|---|---|---|
r-devel-linux-x86_64-debian-clang | 0.0.3 | 208.41 | 345.64 | 554.05 | NOTE | |
r-devel-linux-x86_64-debian-gcc | 0.0.3 | 196.44 | 255.18 | 451.62 | NOTE | |
r-devel-linux-x86_64-fedora-clang | 0.0.3 | 660.00 | 246.93 | 906.93 | OK | |
r-devel-linux-x86_64-fedora-gcc | 0.0.3 | 398.00 | 597.13 | 995.13 | OK | |
r-devel-windows-x86_64 | 0.0.3 | 252.00 | 368.00 | 620.00 | OK | |
r-patched-linux-x86_64 | 0.0.3 | 262.43 | 346.14 | 608.57 | OK | |
r-release-linux-x86_64 | 0.0.3 | 259.07 | 342.85 | 601.92 | OK | |
r-release-macos-arm64 | 0.0.3 | 93.00 | 82.00 | 175.00 | OK | |
r-release-macos-x86_64 | 0.0.3 | 119.00 | 315.00 | 434.00 | OK | |
r-release-windows-x86_64 | 0.0.3 | 248.00 | 366.00 | 614.00 | OK | |
r-oldrel-macos-arm64 | 0.0.3 | 95.00 | 128.00 | 223.00 | NOTE | |
r-oldrel-macos-x86_64 | 0.0.3 | 68.00 | 150.00 | 218.00 | NOTE | |
r-oldrel-windows-x86_64 | 0.0.3 | 283.00 | 481.00 | 764.00 | NOTE |
Version: 0.0.3
Check: HTML version of manual
Result: NOTE
Found the following HTML validation problems:
binary_sim_df.html:68:1 (binary_sim_df.Rd:20): Warning: missing </ul> before </div>
ex_binary_df.html:66:1 (ex_binary_df.Rd:19): Warning: missing </ul> before </div>
ex_norm_df.html:66:1 (ex_norm_df.Rd:19): Warning: missing </ul> before </div>
ex_tte_df.html:72:1 (ex_tte_df.Rd:22): Warning: missing </ul> before </div>
int_binary_df.html:68:1 (int_binary_df.Rd:20): Warning: missing </ul> before </div>
int_norm_df.html:68:1 (int_norm_df.Rd:20): Warning: missing </ul> before </div>
int_tte_df.html:74:1 (int_tte_df.Rd:23): Warning: missing </ul> before </div>
tte_sim_df.html:68:1 (tte_sim_df.Rd:19): Warning: missing </ul> before </div>
Flavors: r-devel-linux-x86_64-debian-clang, r-devel-linux-x86_64-debian-gcc
Version: 0.0.3
Check: installed package size
Result: NOTE
installed size is 50.5Mb
sub-directories of 1Mb or more:
libs 49.1Mb
Flavors: r-oldrel-macos-arm64, r-oldrel-macos-x86_64
Version: 0.0.3
Check: for GNU extensions in Makefiles
Result: NOTE
GNU make is a SystemRequirements.
Flavors: r-oldrel-macos-arm64, r-oldrel-macos-x86_64, r-oldrel-windows-x86_64