Last updated on 2025-10-21 11:53:17 CEST.
Flavor | Version | Tinstall | Tcheck | Ttotal | Status | Flags |
---|---|---|---|---|---|---|
r-devel-linux-x86_64-debian-clang | 1.0.8 | 9.07 | 86.03 | 95.10 | NOTE | |
r-devel-linux-x86_64-debian-gcc | 1.0.8 | 6.34 | 63.31 | 69.65 | NOTE | |
r-devel-linux-x86_64-fedora-clang | 1.0.8 | 152.40 | OK | |||
r-devel-linux-x86_64-fedora-gcc | 1.0.8 | 23.00 | 132.89 | 155.89 | OK | |
r-devel-windows-x86_64 | 1.0.8 | 10.00 | 99.00 | 109.00 | OK | |
r-patched-linux-x86_64 | 1.0.8 | 8.92 | 80.95 | 89.87 | OK | |
r-release-linux-x86_64 | 1.0.8 | 9.09 | 81.21 | 90.30 | OK | |
r-release-macos-arm64 | 1.0.8 | 48.00 | OK | |||
r-release-macos-x86_64 | 1.0.8 | 8.00 | 81.00 | 89.00 | OK | |
r-release-windows-x86_64 | 1.0.8 | 10.00 | 98.00 | 108.00 | OK | |
r-oldrel-macos-arm64 | 1.0.8 | 53.00 | OK | |||
r-oldrel-macos-x86_64 | 1.0.8 | 75.00 | OK | |||
r-oldrel-windows-x86_64 | 1.0.8 | 13.00 | 124.00 | 137.00 | OK |
Version: 1.0.8
Check: HTML version of manual
Result: NOTE
Found the following HTML validation problems:
benchmark_io.html:76:1 (benchmark_io.Rd:31): Warning: missing </ul> before </div>
bm_prog_fib.html:86:1 (bm_prog_fib.Rd:29): Warning: missing </ul> before </div>
rank_results.html:61:1 (rank_results.Rd:21): Warning: missing </ul> before </div>
Flavors: r-devel-linux-x86_64-debian-clang, r-devel-linux-x86_64-debian-gcc