Last updated on 2025-10-21 23:50:48 CEST.
Flavor | Version | Tinstall | Tcheck | Ttotal | Status | Flags |
---|---|---|---|---|---|---|
r-devel-linux-x86_64-debian-clang | 0.4.2 | 6.47 | 58.46 | 64.93 | NOTE | |
r-devel-linux-x86_64-debian-gcc | 0.4.2 | 4.74 | 44.00 | 48.74 | NOTE | |
r-devel-linux-x86_64-fedora-clang | 0.4.2 | 13.00 | 86.30 | 99.30 | OK | |
r-devel-linux-x86_64-fedora-gcc | 0.4.2 | 13.00 | 97.76 | 110.76 | OK | |
r-devel-windows-x86_64 | 0.4.2 | 10.00 | 78.00 | 88.00 | OK | |
r-patched-linux-x86_64 | 0.4.2 | 7.36 | 55.59 | 62.95 | OK | |
r-release-linux-x86_64 | 0.4.2 | 5.71 | 55.39 | 61.10 | OK | |
r-release-macos-arm64 | 0.4.2 | 4.00 | 53.00 | 57.00 | OK | |
r-release-macos-x86_64 | 0.4.2 | 5.00 | 75.00 | 80.00 | OK | |
r-release-windows-x86_64 | 0.4.2 | 11.00 | 81.00 | 92.00 | OK | |
r-oldrel-macos-arm64 | 0.4.2 | 3.00 | 38.00 | 41.00 | OK | |
r-oldrel-macos-x86_64 | 0.4.2 | 5.00 | 51.00 | 56.00 | OK | |
r-oldrel-windows-x86_64 | 0.4.2 | 14.00 | 95.00 | 109.00 | OK |
Version: 0.4.2
Check: HTML version of manual
Result: NOTE
Found the following HTML validation problems:
ContrastNames.html:54:1 (ContrastNames.Rd:14): Warning: missing </ul> before </div>
MatrixCombn.html:73:1 (MatrixCombn.Rd:27): Warning: missing </ul> before </div>
MultiGrep.html:58:1 (MultiGrep.Rd:16): Warning: missing </ul> before </div>
PlotData.html:54:1 (PlotData.Rd:14): Warning: missing </ul> before </div>
RemoveGarbage.html:46:1 (RemoveGarbage.Rd:10): Warning: missing </ul> before </div>
Flavors: r-devel-linux-x86_64-debian-clang, r-devel-linux-x86_64-debian-gcc