Last updated on 2025-10-24 05:50:33 CEST.
| Flavor | Version | Tinstall | Tcheck | Ttotal | Status | Flags |
|---|---|---|---|---|---|---|
| r-devel-linux-x86_64-debian-clang | 1.19 | 12.38 | 104.93 | 117.31 | OK | |
| r-devel-linux-x86_64-debian-gcc | 1.19 | 10.22 | 73.18 | 83.40 | OK | |
| r-devel-linux-x86_64-fedora-clang | 1.19 | 58.00 | 132.45 | 190.45 | OK | |
| r-devel-linux-x86_64-fedora-gcc | 1.19 | 31.00 | 140.02 | 171.02 | OK | |
| r-devel-windows-x86_64 | 1.19 | 16.00 | 104.00 | 120.00 | OK | |
| r-patched-linux-x86_64 | 1.19 | 15.59 | 97.03 | 112.62 | OK | |
| r-release-linux-x86_64 | 1.19 | 13.54 | 97.05 | 110.59 | OK | |
| r-release-macos-arm64 | 1.19 | 6.00 | 39.00 | 45.00 | OK | |
| r-release-macos-x86_64 | 1.19 | 13.00 | 72.00 | 85.00 | OK | |
| r-release-windows-x86_64 | 1.19 | 16.00 | 105.00 | 121.00 | OK | |
| r-oldrel-macos-arm64 | 1.19 | 6.00 | 41.00 | 47.00 | NOTE | |
| r-oldrel-macos-x86_64 | 1.19 | 20.00 | 79.00 | 99.00 | NOTE | |
| r-oldrel-windows-x86_64 | 1.19 | 21.00 | 133.00 | 154.00 | NOTE |
Version: 1.19
Check: package dependencies
Result: NOTE
Depends: includes the non-default packages:
'coda', 'ggplot2', 'gridExtra', 'lpl', 'MASS', 'survival'
Adding so many packages to the search path is excessive and importing
selectively is preferable.
Flavors: r-oldrel-macos-arm64, r-oldrel-macos-x86_64, r-oldrel-windows-x86_64