Last updated on 2025-10-21 17:49:43 CEST.
Flavor | Version | Tinstall | Tcheck | Ttotal | Status | Flags |
---|---|---|---|---|---|---|
r-devel-linux-x86_64-debian-clang | 1.6 | 10.27 | 137.16 | 147.43 | NOTE | |
r-devel-linux-x86_64-debian-gcc | 1.6 | 7.80 | 111.32 | 119.12 | NOTE | |
r-devel-linux-x86_64-fedora-clang | 1.6 | 45.00 | 183.33 | 228.33 | NOTE | |
r-devel-linux-x86_64-fedora-gcc | 1.6 | 21.00 | 212.60 | 233.60 | NOTE | |
r-devel-windows-x86_64 | 1.6 | 13.00 | 151.00 | 164.00 | NOTE | |
r-patched-linux-x86_64 | 1.6 | 10.20 | 137.09 | 147.29 | NOTE | |
r-release-linux-x86_64 | 1.6 | 10.33 | 138.42 | 148.75 | NOTE | |
r-release-macos-arm64 | 1.6 | 8.00 | 107.00 | 115.00 | NOTE | |
r-release-macos-x86_64 | 1.6 | 12.00 | 174.00 | 186.00 | NOTE | |
r-release-windows-x86_64 | 1.6 | 13.00 | 152.00 | 165.00 | NOTE | |
r-oldrel-macos-arm64 | 1.6 | 5.00 | 84.00 | 89.00 | NOTE | |
r-oldrel-macos-x86_64 | 1.6 | 10.00 | 150.00 | 160.00 | NOTE | |
r-oldrel-windows-x86_64 | 1.6 | 16.00 | 195.00 | 211.00 | NOTE |
Version: 1.6
Check: CRAN incoming feasibility
Result: NOTE
Maintainer: ‘Thomas Lumley <t.lumley@auckland.ac.nz>’
No Authors@R field in DESCRIPTION.
Please add one, modifying
Authors@R: person(given = "Thomas",
family = "Lumley",
role = c("aut", "cre"),
email = "t.lumley@auckland.ac.nz")
as necessary.
Flavors: r-devel-linux-x86_64-debian-clang, r-devel-linux-x86_64-debian-gcc
Version: 1.6
Check: Rd files
Result: NOTE
checkRd: (-1) pQF.Rd:30: Lost braces; missing escapes or markup?
30 | When \code{M} is not square, a randomised estimator for the trace of \code{crossprod(M)^2} is used. This is the sample size. When \code{M} is of \code{"matrixfree"} and does not include the trace of {crossprod(M)} as a component, this sample size will also be used to compute that. See Hutchinson reference. }
| ^
Flavors: r-devel-linux-x86_64-debian-clang, r-devel-linux-x86_64-debian-gcc, r-devel-linux-x86_64-fedora-clang, r-devel-linux-x86_64-fedora-gcc, r-devel-windows-x86_64, r-patched-linux-x86_64, r-release-linux-x86_64, r-release-macos-arm64, r-release-macos-x86_64, r-release-windows-x86_64, r-oldrel-macos-arm64, r-oldrel-macos-x86_64, r-oldrel-windows-x86_64