Last updated on 2025-10-21 17:49:43 CEST.
Flavor | Version | Tinstall | Tcheck | Ttotal | Status | Flags |
---|---|---|---|---|---|---|
r-devel-linux-x86_64-debian-clang | 0.0.1 | 20.49 | 30.71 | 51.20 | NOTE | |
r-devel-linux-x86_64-debian-gcc | 0.0.1 | 17.50 | 24.31 | 41.81 | NOTE | |
r-devel-linux-x86_64-fedora-clang | 0.0.1 | 72.00 | 25.66 | 97.66 | NOTE | |
r-devel-linux-x86_64-fedora-gcc | 0.0.1 | 53.00 | 37.23 | 90.23 | NOTE | |
r-devel-windows-x86_64 | 0.0.1 | 29.00 | 65.00 | 94.00 | OK | |
r-patched-linux-x86_64 | 0.0.1 | 24.81 | 29.17 | 53.98 | OK | |
r-release-linux-x86_64 | 0.0.1 | 25.18 | 29.31 | 54.49 | OK | |
r-release-macos-arm64 | 0.0.1 | 10.00 | 21.00 | 31.00 | OK | |
r-release-macos-x86_64 | 0.0.1 | 12.00 | 32.00 | 44.00 | OK | |
r-release-windows-x86_64 | 0.0.1 | 30.00 | 67.00 | 97.00 | OK | |
r-oldrel-macos-arm64 | 0.0.1 | 12.00 | 19.00 | 31.00 | OK | |
r-oldrel-macos-x86_64 | 0.0.1 | 11.00 | 25.00 | 36.00 | OK | |
r-oldrel-windows-x86_64 | 0.0.1 | 35.00 | 81.00 | 116.00 | OK |
Version: 0.0.1
Check: CRAN incoming feasibility
Result: NOTE
Maintainer: ‘Aliasghar Tarkhan <atarkhan@uw.edu>’
The Description field contains
<arXiv:2003.00116v2>.
Please refer to arXiv e-prints via their arXiv DOI <doi:10.48550/arXiv.YYMM.NNNNN>.
Flavors: r-devel-linux-x86_64-debian-clang, r-devel-linux-x86_64-debian-gcc
Version: 0.0.1
Check: dependencies in R code
Result: NOTE
Namespace in Imports field not imported from: ‘survival’
All declared Imports should be used.
Flavors: r-devel-linux-x86_64-fedora-clang, r-devel-linux-x86_64-fedora-gcc