Last updated on 2025-10-24 05:50:33 CEST.
| Flavor | Version | Tinstall | Tcheck | Ttotal | Status | Flags |
|---|---|---|---|---|---|---|
| r-devel-linux-x86_64-debian-clang | 0.3.2 | 71.91 | 52.44 | 124.35 | OK | |
| r-devel-linux-x86_64-debian-gcc | 0.3.2 | 56.54 | 37.97 | 94.51 | OK | |
| r-devel-linux-x86_64-fedora-clang | 0.3.2 | 194.00 | 28.80 | 222.80 | OK | |
| r-devel-linux-x86_64-fedora-gcc | 0.3.2 | 134.00 | 116.50 | 250.50 | OK | |
| r-devel-windows-x86_64 | 0.3.2 | 89.00 | 92.00 | 181.00 | OK | |
| r-patched-linux-x86_64 | 0.3.2 | 85.74 | 48.44 | 134.18 | OK | |
| r-release-linux-x86_64 | 0.3.2 | 85.37 | 48.44 | 133.81 | OK | |
| r-release-macos-arm64 | 0.3.2 | 31.00 | 41.00 | 72.00 | OK | |
| r-release-macos-x86_64 | 0.3.2 | 41.00 | 81.00 | 122.00 | OK | |
| r-release-windows-x86_64 | 0.3.2 | 95.00 | 92.00 | 187.00 | OK | |
| r-oldrel-macos-arm64 | 0.3.2 | 26.00 | 34.00 | 60.00 | NOTE | |
| r-oldrel-macos-x86_64 | 0.3.2 | 31.00 | 52.00 | 83.00 | NOTE | |
| r-oldrel-windows-x86_64 | 0.3.2 | 103.00 | 112.00 | 215.00 | OK |
Version: 0.3.2
Check: installed package size
Result: NOTE
installed size is 9.0Mb
sub-directories of 1Mb or more:
libs 8.7Mb
Flavors: r-oldrel-macos-arm64, r-oldrel-macos-x86_64