CRAN Package Check Results for Package bigstatsr

Last updated on 2025-10-21 11:53:17 CEST.

Flavor Version Tinstall Tcheck Ttotal Status Flags
r-devel-linux-x86_64-debian-clang 1.6.2 143.97 240.37 384.34 NOTE
r-devel-linux-x86_64-debian-gcc 1.6.2 95.69 165.62 261.31 NOTE
r-devel-linux-x86_64-fedora-clang 1.6.2 691.34 OK
r-devel-linux-x86_64-fedora-gcc 1.6.2 221.00 394.27 615.27 OK
r-devel-windows-x86_64 1.6.2 214.00 269.00 483.00 OK
r-patched-linux-x86_64 1.6.2 144.28 231.36 375.64 OK
r-release-linux-x86_64 1.6.2 145.91 232.02 377.93 OK
r-release-macos-arm64 1.6.2 138.00 OK
r-release-macos-x86_64 1.6.2 53.00 241.00 294.00 OK
r-release-windows-x86_64 1.6.2 222.00 265.00 487.00 OK
r-oldrel-macos-arm64 1.6.2 140.00 NOTE
r-oldrel-macos-x86_64 1.6.2 289.00 NOTE
r-oldrel-windows-x86_64 1.6.2 254.00 369.00 623.00 OK

Check Details

Version: 1.6.2
Check: HTML version of manual
Result: NOTE Found the following HTML validation problems: FBM-methods.html:93:1 (FBM-methods.Rd:41): Warning: missing </ul> before </div> Flavors: r-devel-linux-x86_64-debian-clang, r-devel-linux-x86_64-debian-gcc

Version: 1.6.2
Check: installed package size
Result: NOTE installed size is 13.6Mb sub-directories of 1Mb or more: extdata 2.3Mb libs 10.6Mb Flavors: r-oldrel-macos-arm64, r-oldrel-macos-x86_64