Last updated on 2025-10-25 12:49:42 CEST.
| Flavor | Version | Tinstall | Tcheck | Ttotal | Status | Flags |
|---|---|---|---|---|---|---|
| r-devel-linux-x86_64-debian-clang | 0.1.0 | 3.17 | 20.19 | 23.36 | NOTE | |
| r-devel-linux-x86_64-debian-gcc | 0.1.0 | 2.30 | 16.63 | 18.93 | NOTE | |
| r-devel-linux-x86_64-fedora-clang | 0.1.0 | 15.00 | 20.31 | 35.31 | NOTE | |
| r-devel-linux-x86_64-fedora-gcc | 0.1.0 | 32.96 | NOTE | |||
| r-devel-windows-x86_64 | 0.1.0 | 6.00 | 41.00 | 47.00 | OK | |
| r-patched-linux-x86_64 | 0.1.0 | 3.18 | 19.11 | 22.29 | OK | |
| r-release-linux-x86_64 | 0.1.0 | 3.06 | 19.11 | 22.17 | OK | |
| r-release-macos-arm64 | 0.1.0 | 2.00 | 20.00 | 22.00 | OK | |
| r-release-macos-x86_64 | 0.1.0 | 4.00 | 26.00 | 30.00 | OK | |
| r-release-windows-x86_64 | 0.1.0 | 5.00 | 41.00 | 46.00 | OK | |
| r-oldrel-macos-arm64 | 0.1.0 | 2.00 | 15.00 | 17.00 | OK | |
| r-oldrel-macos-x86_64 | 0.1.0 | 4.00 | 25.00 | 29.00 | OK | |
| r-oldrel-windows-x86_64 | 0.1.0 | 8.00 | 47.00 | 55.00 | OK |
Version: 0.1.0
Check: CRAN incoming feasibility
Result: NOTE
Maintainer: ‘Mikkel Freltoft Krogsholm <mikkel@56n.dk>’
No Authors@R field in DESCRIPTION.
Please add one, modifying
Authors@R: person(given = c("Mikkel", "Freltoft"),
family = "Krogsholm",
role = c("aut", "cre"),
email = "mikkel@56n.dk")
as necessary.
Flavors: r-devel-linux-x86_64-debian-clang, r-devel-linux-x86_64-debian-gcc
Version: 0.1.0
Check: dependencies in R code
Result: NOTE
Namespace in Imports field not imported from: ‘tibble’
All declared Imports should be used.
Flavors: r-devel-linux-x86_64-fedora-clang, r-devel-linux-x86_64-fedora-gcc