Last updated on 2025-10-21 23:50:49 CEST.
Flavor | Version | Tinstall | Tcheck | Ttotal | Status | Flags |
---|---|---|---|---|---|---|
r-devel-linux-x86_64-debian-clang | 0.5.0 | 8.63 | 106.45 | 115.08 | NOTE | |
r-devel-linux-x86_64-debian-gcc | 0.5.0 | 6.44 | 77.42 | 83.86 | NOTE | |
r-devel-linux-x86_64-fedora-clang | 0.5.0 | 39.00 | 146.61 | 185.61 | OK | |
r-devel-linux-x86_64-fedora-gcc | 0.5.0 | 16.00 | 170.69 | 186.69 | OK | |
r-devel-windows-x86_64 | 0.5.0 | 13.00 | 134.00 | 147.00 | OK | |
r-patched-linux-x86_64 | 0.5.0 | 9.00 | 98.65 | 107.65 | OK | |
r-release-linux-x86_64 | 0.5.0 | 7.27 | 100.74 | 108.01 | OK | |
r-release-macos-arm64 | 0.5.0 | 4.00 | 66.00 | 70.00 | OK | |
r-release-macos-x86_64 | 0.5.0 | 6.00 | 93.00 | 99.00 | OK | |
r-release-windows-x86_64 | 0.5.0 | 15.00 | 134.00 | 149.00 | OK | |
r-oldrel-macos-arm64 | 0.5.0 | 3.00 | 52.00 | 55.00 | OK | |
r-oldrel-macos-x86_64 | 0.5.0 | 7.00 | 101.00 | 108.00 | OK | |
r-oldrel-windows-x86_64 | 0.5.0 | 16.00 | 160.00 | 176.00 | OK |
Version: 0.5.0
Check: HTML version of manual
Result: NOTE
Found the following HTML validation problems:
bauge-shiny.html:68:1 (bauge-shiny.Rd:25): Warning: missing </ul> before </div>
billboarder.html:69:1 (billboarder.Rd:25): Warning: missing </ul> before </div>
Flavors: r-devel-linux-x86_64-debian-clang, r-devel-linux-x86_64-debian-gcc