Last updated on 2025-10-22 17:49:33 CEST.
Flavor | Version | Tinstall | Tcheck | Ttotal | Status | Flags |
---|---|---|---|---|---|---|
r-devel-linux-x86_64-debian-clang | 2.2-3 | 16.49 | 106.00 | 122.49 | NOTE | |
r-devel-linux-x86_64-debian-gcc | 2.2-3 | 11.09 | 66.51 | 77.60 | NOTE | |
r-devel-linux-x86_64-fedora-clang | 2.2-3 | 75.00 | 131.74 | 206.74 | OK | |
r-devel-linux-x86_64-fedora-gcc | 2.2-3 | 35.00 | 148.00 | 183.00 | OK | |
r-devel-windows-x86_64 | 2.2-3 | 17.00 | 114.00 | 131.00 | OK | |
r-patched-linux-x86_64 | 2.2-3 | 18.97 | 96.77 | 115.74 | OK | |
r-release-linux-x86_64 | 2.2-3 | 15.24 | 98.39 | 113.63 | OK | |
r-release-macos-arm64 | 2.2-3 | 8.00 | 40.00 | 48.00 | OK | |
r-release-macos-x86_64 | 2.2-3 | 34.00 | 156.00 | 190.00 | OK | |
r-release-windows-x86_64 | 2.2-3 | 18.00 | 122.00 | 140.00 | OK | |
r-oldrel-macos-arm64 | 2.2-3 | 8.00 | 38.00 | 46.00 | OK | |
r-oldrel-macos-x86_64 | 2.2-3 | 13.00 | 126.00 | 139.00 | OK | |
r-oldrel-windows-x86_64 | 2.2-3 | 24.00 | 139.00 | 163.00 | OK |
Version: 2.2-3
Check: HTML version of manual
Result: NOTE
Found the following HTML validation problems:
print.bgtDesign.html:53:1 (print.bgtDesign.Rd:17): Warning: missing </ul> before </div>
print.binDesign.html:52:1 (print.binDesign.Rd:15): Warning: missing </ul> before </div>
Flavors: r-devel-linux-x86_64-debian-clang, r-devel-linux-x86_64-debian-gcc