CRAN Package Check Results for Package bipl5

Last updated on 2025-10-21 17:49:43 CEST.

Flavor Version Tinstall Tcheck Ttotal Status Flags
r-devel-linux-x86_64-debian-clang 1.0.2 7.56 75.05 82.61 NOTE
r-devel-linux-x86_64-debian-gcc 1.0.2 5.63 53.42 59.05 NOTE
r-devel-linux-x86_64-fedora-clang 1.0.2 40.00 97.80 137.80 NOTE
r-devel-linux-x86_64-fedora-gcc 1.0.2 18.00 104.19 122.19 NOTE
r-devel-windows-x86_64 1.0.2 9.00 80.00 89.00 NOTE
r-patched-linux-x86_64 1.0.2 7.84 71.33 79.17 NOTE
r-release-linux-x86_64 1.0.2 7.70 70.24 77.94 NOTE
r-release-macos-arm64 1.0.2 3.00 30.00 33.00 NOTE
r-release-macos-x86_64 1.0.2 6.00 57.00 63.00 NOTE
r-release-windows-x86_64 1.0.2 10.00 84.00 94.00 NOTE
r-oldrel-macos-arm64 1.0.2 3.00 31.00 34.00 OK
r-oldrel-macos-x86_64 1.0.2 5.00 50.00 55.00 OK
r-oldrel-windows-x86_64 1.0.2 13.00 106.00 119.00 OK

Check Details

Version: 1.0.2
Check: DESCRIPTION meta-information
Result: NOTE Missing dependency on R >= 4.1.0 because package code uses the pipe |> or function shorthand \(...) syntax added in R 4.1.0. File(s) using such syntax: ‘PCAbiplot_Helper.R’ ‘TDAbiplot.R’ ‘TDAbiplot.Rd’ ‘TDAbiplot_helper.R’ ‘insertAxDeets.R’ ‘insertDataTable.R’ Flavors: r-devel-linux-x86_64-debian-clang, r-devel-linux-x86_64-debian-gcc, r-devel-linux-x86_64-fedora-clang, r-devel-linux-x86_64-fedora-gcc, r-devel-windows-x86_64, r-patched-linux-x86_64, r-release-linux-x86_64, r-release-macos-arm64, r-release-windows-x86_64

Version: 1.0.2
Check: DESCRIPTION meta-information
Result: NOTE Missing dependency on R >= 4.1.0 because package code uses the pipe |> or function shorthand \(...) syntax added in R 4.1.0. File(s) using such syntax: ‘PCAbiplot_Helper.R’ ‘TDAbiplot.R’ ‘TDAbiplot_helper.R’ ‘insertAxDeets.R’ ‘insertDataTable.R’ Flavor: r-release-macos-x86_64