CRAN Package Check Results for Package bitstreamio

Last updated on 2025-10-24 11:50:41 CEST.

Flavor Version Tinstall Tcheck Ttotal Status Flags
r-devel-linux-x86_64-debian-clang 0.1.0 1.88 28.19 30.07 NOTE
r-devel-linux-x86_64-debian-gcc 0.1.0 1.52 22.35 23.87 NOTE
r-devel-linux-x86_64-fedora-clang 0.1.0 48.63 NOTE
r-devel-linux-x86_64-fedora-gcc 0.1.0 58.96 NOTE
r-devel-windows-x86_64 0.1.0 4.00 50.00 54.00 NOTE
r-patched-linux-x86_64 0.1.0 2.11 27.30 29.41 NOTE
r-release-linux-x86_64 0.1.0 1.72 26.95 28.67 NOTE
r-release-macos-arm64 0.1.0 1.00 24.00 25.00 NOTE
r-release-macos-x86_64 0.1.0 2.00 43.00 45.00 NOTE
r-release-windows-x86_64 0.1.0 5.00 52.00 57.00 NOTE
r-oldrel-macos-arm64 0.1.0 1.00 28.00 29.00 OK
r-oldrel-macos-x86_64 0.1.0 2.00 82.00 84.00 OK
r-oldrel-windows-x86_64 0.1.0 4.00 58.00 62.00 OK

Check Details

Version: 0.1.0
Check: DESCRIPTION meta-information
Result: NOTE Missing dependency on R >= 4.1.0 because package code uses the pipe |> or function shorthand \(...) syntax added in R 4.1.0. File(s) using such syntax: ‘bits_to_raw.Rd’ ‘bitstream-ints.R’ ‘bitstream-uints-exp-golomb.R’ Flavors: r-devel-linux-x86_64-debian-clang, r-devel-linux-x86_64-debian-gcc, r-devel-linux-x86_64-fedora-clang, r-devel-linux-x86_64-fedora-gcc, r-devel-windows-x86_64, r-patched-linux-x86_64, r-release-linux-x86_64, r-release-macos-arm64, r-release-macos-x86_64, r-release-windows-x86_64