Last updated on 2025-10-22 11:51:02 CEST.
Flavor | Version | Tinstall | Tcheck | Ttotal | Status | Flags |
---|---|---|---|---|---|---|
r-devel-linux-x86_64-debian-clang | 1.3.4 | 35.89 | 148.90 | 184.79 | NOTE | |
r-devel-linux-x86_64-debian-gcc | 1.3.4 | 16.66 | 101.03 | 117.69 | NOTE | |
r-devel-linux-x86_64-fedora-clang | 1.3.4 | 154.00 | 156.80 | 310.80 | OK | |
r-devel-linux-x86_64-fedora-gcc | 1.3.4 | 72.00 | 209.01 | 281.01 | OK | |
r-devel-windows-x86_64 | 1.3.4 | 31.00 | 160.00 | 191.00 | OK | |
r-patched-linux-x86_64 | 1.3.4 | 31.09 | 142.33 | 173.42 | OK | |
r-release-linux-x86_64 | 1.3.4 | 30.37 | 142.40 | 172.77 | OK | |
r-release-macos-arm64 | 1.3.4 | 14.00 | 62.00 | 76.00 | OK | |
r-release-macos-x86_64 | 1.3.4 | 35.00 | 155.00 | 190.00 | OK | |
r-release-windows-x86_64 | 1.3.4 | 31.00 | 162.00 | 193.00 | OK | |
r-oldrel-macos-arm64 | 1.3.4 | 14.00 | 72.00 | 86.00 | OK | |
r-oldrel-macos-x86_64 | 1.3.4 | 34.00 | 162.00 | 196.00 | OK | |
r-oldrel-windows-x86_64 | 1.3.4 | 44.00 | 209.00 | 253.00 | OK |
Version: 1.3.4
Check: HTML version of manual
Result: NOTE
Found the following HTML validation problems:
terror.html:61:1 (terror.Rd:17): Warning: missing </ul> before </div>
Flavors: r-devel-linux-x86_64-debian-clang, r-devel-linux-x86_64-debian-gcc