Last updated on 2025-10-21 23:50:49 CEST.
Flavor | Version | Tinstall | Tcheck | Ttotal | Status | Flags |
---|---|---|---|---|---|---|
r-devel-linux-x86_64-debian-clang | 1.0.7 | 34.47 | 25.09 | 59.56 | OK | |
r-devel-linux-x86_64-debian-gcc | 1.0.7 | 27.59 | 20.61 | 48.20 | OK | |
r-devel-linux-x86_64-fedora-clang | 1.0.7 | 138.00 | -27.38 | 110.62 | OK | |
r-devel-linux-x86_64-fedora-gcc | 1.0.7 | 83.00 | 23.16 | 106.16 | OK | |
r-devel-windows-x86_64 | 1.0.7 | 38.00 | 58.00 | 96.00 | OK | |
r-patched-linux-x86_64 | 1.0.7 | 39.28 | 22.81 | 62.09 | OK | |
r-release-linux-x86_64 | 1.0.7 | 37.54 | 22.58 | 60.12 | OK | |
r-release-macos-arm64 | 1.0.7 | 16.00 | 20.00 | 36.00 | OK | |
r-release-macos-x86_64 | 1.0.7 | 28.00 | 26.00 | 54.00 | OK | |
r-release-windows-x86_64 | 1.0.7 | 39.00 | 59.00 | 98.00 | OK | |
r-oldrel-macos-arm64 | 1.0.7 | 15.00 | 20.00 | 35.00 | NOTE | |
r-oldrel-macos-x86_64 | 1.0.7 | 21.00 | 19.00 | 40.00 | NOTE | |
r-oldrel-windows-x86_64 | 1.0.7 | 41.00 | 72.00 | 113.00 | OK |
Version: 1.0.7
Check: installed package size
Result: NOTE
installed size is 6.6Mb
sub-directories of 1Mb or more:
libs 6.5Mb
Flavors: r-oldrel-macos-arm64, r-oldrel-macos-x86_64