CRAN Package Check Results for Package bliss

Last updated on 2025-10-21 17:49:43 CEST.

Flavor Version Tinstall Tcheck Ttotal Status Flags
r-devel-linux-x86_64-debian-clang 1.1.1 35.29 52.69 87.98 OK
r-devel-linux-x86_64-debian-gcc 1.1.1 25.83 38.52 64.35 OK
r-devel-linux-x86_64-fedora-clang 1.1.1 154.00 -0.77 153.23 OK
r-devel-linux-x86_64-fedora-gcc 1.1.1 68.00 90.01 158.01 OK
r-devel-windows-x86_64 1.1.1 41.00 87.00 128.00 OK
r-patched-linux-x86_64 1.1.1 34.45 49.43 83.88 OK
r-release-linux-x86_64 1.1.1 36.02 49.09 85.11 OK
r-release-macos-arm64 1.1.1 17.00 47.00 64.00 OK
r-release-macos-x86_64 1.1.1 27.00 69.00 96.00 OK
r-release-windows-x86_64 1.1.1 42.00 90.00 132.00 OK
r-oldrel-macos-arm64 1.1.1 17.00 33.00 50.00 NOTE
r-oldrel-macos-x86_64 1.1.1 45.00 89.00 134.00 NOTE
r-oldrel-windows-x86_64 1.1.1 48.00 114.00 162.00 OK

Check Details

Version: 1.1.1
Check: installed package size
Result: NOTE installed size is 7.7Mb sub-directories of 1Mb or more: data 2.8Mb libs 3.9Mb Flavors: r-oldrel-macos-arm64, r-oldrel-macos-x86_64