Last updated on 2025-10-24 11:50:42 CEST.
| Flavor | Version | Tinstall | Tcheck | Ttotal | Status | Flags |
|---|---|---|---|---|---|---|
| r-devel-linux-x86_64-debian-clang | 0.1.0 | 758.91 | 160.96 | 919.87 | OK | |
| r-devel-linux-x86_64-debian-gcc | 0.1.0 | 625.52 | 171.56 | 797.08 | OK | |
| r-devel-linux-x86_64-fedora-clang | 0.1.0 | 2760.00 | -1285.24 | 1474.76 | NOTE | |
| r-devel-linux-x86_64-fedora-gcc | 0.1.0 | 2100.00 | -119.75 | 1980.25 | NOTE | |
| r-devel-windows-x86_64 | 0.1.0 | 819.00 | 232.00 | 1051.00 | OK | |
| r-patched-linux-x86_64 | 0.1.0 | 858.72 | 229.62 | 1088.34 | OK | |
| r-release-linux-x86_64 | 0.1.0 | 874.33 | 228.31 | 1102.64 | OK | |
| r-release-macos-arm64 | 0.1.0 | 311.00 | 99.00 | 410.00 | OK | |
| r-release-macos-x86_64 | 0.1.0 | 272.00 | 113.00 | 385.00 | OK | |
| r-release-windows-x86_64 | 0.1.0 | 823.00 | 231.00 | 1054.00 | OK | |
| r-oldrel-macos-arm64 | 0.1.0 | 157.00 | 58.00 | 215.00 | NOTE | |
| r-oldrel-macos-x86_64 | 0.1.0 | 97.00 | 85.00 | 182.00 | NOTE | |
| r-oldrel-windows-x86_64 | 0.1.0 | 920.00 | 285.00 | 1205.00 | NOTE |
Version: 0.1.0
Check: dependencies in R code
Result: NOTE
Namespaces in Imports field not imported from:
‘RcppParallel’ ‘rstantools’
All declared Imports should be used.
Flavors: r-devel-linux-x86_64-fedora-clang, r-devel-linux-x86_64-fedora-gcc
Version: 0.1.0
Check: installed package size
Result: NOTE
installed size is 125.3Mb
sub-directories of 1Mb or more:
libs 124.7Mb
Flavors: r-oldrel-macos-arm64, r-oldrel-macos-x86_64, r-oldrel-windows-x86_64
Version: 0.1.0
Check: for GNU extensions in Makefiles
Result: NOTE
GNU make is a SystemRequirements.
Flavors: r-oldrel-macos-arm64, r-oldrel-macos-x86_64, r-oldrel-windows-x86_64