CRAN Package Check Results for Package bmm

Last updated on 2025-10-21 17:49:43 CEST.

Flavor Version Tinstall Tcheck Ttotal Status Flags
r-devel-linux-x86_64-debian-clang 1.2.0 18.70 249.84 268.54 NOTE
r-devel-linux-x86_64-debian-gcc 1.2.0 12.75 173.45 186.20 NOTE
r-devel-linux-x86_64-fedora-clang 1.2.0 72.00 371.95 443.95 OK
r-devel-linux-x86_64-fedora-gcc 1.2.0 36.00 320.16 356.16 OK
r-devel-windows-x86_64 1.2.0 18.00 256.00 274.00 OK
r-patched-linux-x86_64 1.2.0 17.80 242.68 260.48 OK
r-release-linux-x86_64 1.2.0 14.59 243.66 258.25 OK
r-release-macos-arm64 1.2.0 7.00 83.00 90.00 OK
r-release-macos-x86_64 1.2.0 15.00 210.00 225.00 OK
r-release-windows-x86_64 1.2.0 18.00 254.00 272.00 OK
r-oldrel-macos-arm64 1.2.0 9.00 84.00 93.00 NOTE
r-oldrel-macos-x86_64 1.2.0 16.00 174.00 190.00 NOTE
r-oldrel-windows-x86_64 1.2.0 24.00 333.00 357.00 NOTE

Check Details

Version: 1.2.0
Check: HTML version of manual
Result: NOTE Found the following HTML validation problems: oberauer_lewandowsky_2019_e1.html:71:1 (oberauer_lewandowsky_2019_e1.Rd:25): Warning: missing </ul> before </div> Flavors: r-devel-linux-x86_64-debian-clang, r-devel-linux-x86_64-debian-gcc

Version: 1.2.0
Check: package dependencies
Result: NOTE Package suggested but not available for checking: ‘cmdstanr’ Flavors: r-oldrel-macos-arm64, r-oldrel-macos-x86_64, r-oldrel-windows-x86_64