CRAN Package Check Results for Package boodist

Last updated on 2025-10-21 17:49:43 CEST.

Flavor Version Tinstall Tcheck Ttotal Status Flags
r-devel-linux-x86_64-debian-clang 1.0.0 141.10 37.73 178.83 NOTE
r-devel-linux-x86_64-debian-gcc 1.0.0 103.39 57.02 160.41 NOTE
r-devel-linux-x86_64-fedora-clang 1.0.0 367.00 -21.86 345.14 OK
r-devel-linux-x86_64-fedora-gcc 1.0.0 216.00 156.67 372.67 OK
r-devel-windows-x86_64 1.0.0 157.00 88.00 245.00 OK
r-patched-linux-x86_64 1.0.0 156.35 74.63 230.98 OK
r-release-linux-x86_64 1.0.0 160.23 75.43 235.66 OK
r-release-macos-arm64 1.0.0 49.00 19.00 68.00 OK
r-release-macos-x86_64 1.0.0 51.00 52.00 103.00 OK
r-release-windows-x86_64 1.0.0 161.00 90.00 251.00 OK
r-oldrel-macos-arm64 1.0.0 3.00 9.00 12.00 ERROR
r-oldrel-macos-x86_64 1.0.0 57.00 40.00 97.00 NOTE
r-oldrel-windows-x86_64 1.0.0 198.00 108.00 306.00 OK

Check Details

Version: 1.0.0
Check: HTML version of manual
Result: NOTE Found the following HTML validation problems: GeneralizedInverseGaussian.html:142:1 (GeneralizedInverseGaussian.Rd:121): Warning: <h5> anchor "Usage" already defined GeneralizedInverseGaussian.html:148:1 (GeneralizedInverseGaussian.Rd:125): Warning: <h5> anchor "Arguments" already defined GeneralizedInverseGaussian.html:163:1 (GeneralizedInverseGaussian.Rd:134): Warning: <h5> anchor "Returns" already defined GeneralizedInverseGaussian.html:181:1 (GeneralizedInverseGaussian.Rd:144): Warning: <h5> anchor "Usage" already defined GeneralizedInverseGaussian.html:187:1 (GeneralizedInverseGaussian.Rd:148): Warning: <h5> anchor "Arguments" already defined GeneralizedInverseGaussian.html:200:1 (GeneralizedInverseGaussian.Rd:155): Warning: <h5> anchor "Returns" already defined GeneralizedInverseGaussian.html:219:1 (GeneralizedInverseGaussian.Rd:166): Warning: <h5> anchor "Usage" already defined GeneralizedInverseGaussian.html:225:1 (GeneralizedInverseGaussian.Rd:170): Warning: <h5> anchor "Arguments" already defined GeneralizedInverseGaussian.html:241:1 (GeneralizedInverseGaussian.Rd:180): Warning: <h5> anchor "Returns" already defined GeneralizedInverseGaussian.html:258:1 (GeneralizedInverseGaussian.Rd:189): Warning: <h5> anchor "Usage" already defined GeneralizedInverseGaussian.html:264:1 (GeneralizedInverseGaussian.Rd:193): Warning: <h5> anchor "Arguments" already defined GeneralizedInverseGaussian.html:277:1 (GeneralizedInverseGaussian.Rd:200): Warning: <h5> anchor "Returns" already defined GeneralizedInverseGaussian.html:294:1 (GeneralizedInverseGaussian.Rd:209): Warning: <h5> anchor "Usage" already defined GeneralizedInverseGaussian.html:300:1 (GeneralizedInverseGaussian.Rd:213): Warning: <h5> anchor "Returns" already defined GeneralizedInverseGaussian.html:317:1 (GeneralizedInverseGaussian.Rd:222): Warning: <h5> anchor "Usage" already defined GeneralizedInverseGaussian.html:323:1 (GeneralizedInverseGaussian.Rd:226): Warning: <h5> anchor "Returns" already defined GeneralizedInverseGaussian.html:341:1 (GeneralizedInverseGaussian.Rd:236): Warning: <h5> anchor "Usage" already defined GeneralizedInverseGaussian.html:347:1 (GeneralizedInverseGaussian.Rd:240): Warning: <h5> anchor "Returns" already defined GeneralizedInverseGaussian.html:365:1 (GeneralizedInverseGaussian.Rd:250): Warning: <h5> anchor "Usage" already defined GeneralizedInverseGaussian.html:371:1 (GeneralizedInverseGaussian.Rd:254): Warning: <h5> anchor "Returns" already defined GeneralizedInverseGaussian.html:388:1 (GeneralizedInverseGaussian.Rd:263): Warning: <h5> anchor "Usage" already defined GeneralizedInverseGaussian.html:394:1 (GeneralizedInverseGaussian.Rd:267): Warning: <h5> anchor "Arguments" already defined Gumbel.html:506:1 (Gumbel.Rd:269): Warning: missing </ul> before </div> Gumbel.html:148:1 (Gumbel.Rd:67): Warning: <h5> anchor "Usage" already defined Gumbel.html:154:1 (Gumbel.Rd:71): Warning: <h5> anchor "Arguments" already defined Gumbel.html:169:1 (Gumbel.Rd:80): Warning: <h5> anchor "Returns" already defined Gumbel.html:187:1 (Gumbel.Rd:90): Warning: <h5> anchor "Usage" already defined Gumbel.html:193:1 (Gumbel.Rd:94): Warning: <h5> anchor "Arguments" already defined Gumbel.html:208:1 (Gumbel.Rd:103): Warning: <h5> anchor "Returns" already defined Gumbel.html:225:1 (Gumbel.Rd:112): Warning: <h5> anchor "Usage" already defined Gumbel.html:231:1 (Gumbel.Rd:116): Warning: <h5> anchor "Arguments" already defined Gumbel.html:246:1 (Gumbel.Rd:125): Warning: <h5> anchor "Returns" already defined Gumbel.html:263:1 (Gumbel.Rd:134): Warning: <h5> anchor "Usage" already defined Gumbel.html:269:1 (Gumbel.Rd:138): Warning: <h5> anchor "Arguments" already defined Gumbel.html:282:1 (Gumbel.Rd:145): Warning: <h5> anchor "Returns" already defined Gumbel.html:299:1 (Gumbel.Rd:154): Warning: <h5> anchor "Usage" already defined Gumbel.html:305:1 (Gumbel.Rd:158): Warning: <h5> anchor "Returns" already defined Gumbel.html:322:1 (Gumbel.Rd:167): Warning: <h5> anchor "Usage" already defined Gumbel.html:328:1 (Gumbel.Rd:171): Warning: <h5> anchor "Returns" already defined Gumbel.html:345:1 (Gumbel.Rd:180): Warning: <h5> anchor "Usage" already defined Gumbel.html:351:1 (Gumbel.Rd:184): Warning: <h5> anchor "Returns" already defined Gumbel.html:368:1 (Gumbel.Rd:193): Warning: <h5> anchor "Usage" already defined Gumbel.html:374:1 (Gumbel.Rd:197): Warning: <h5> anchor "Returns" already defined Gumbel.html:391:1 (Gumbel.Rd:206): Warning: <h5> anchor "Usage" already defined Gumbel.html:397:1 (Gumbel.Rd:210): Warning: <h5> anchor "Returns" already defined Gumbel.html:414:1 (Gumbel.Rd:219): Warning: <h5> anchor "Usage" already defined Gumbel.html:420:1 (Gumbel.Rd:223): Warning: <h5> anchor "Returns" already defined Gumbel.html:437:1 (Gumbel.Rd:232): Warning: <h5> anchor "Usage" already defined Gumbel.html:443:1 (Gumbel.Rd:236): Warning: <h5> anchor "Returns" already defined Gumbel.html:460:1 (Gumbel.Rd:245): Warning: <h5> anchor "Usage" already defined Gumbel.html:466:1 (Gumbel.Rd:249): Warning: <h5> anchor "Returns" already defined Gumbel.html:483:1 (Gumbel.Rd:258): Warning: <h5> anchor "Usage" already defined Gumbel.html:489:1 (Gumbel.Rd:262): Warning: <h5> anchor "Arguments" already defined Hyperexponential.html:479:1 (Hyperexponential.Rd:254): Warning: missing </ul> before </div> Hyperexponential.html:146:1 (Hyperexponential.Rd:67): Warning: <h5> anchor "Usage" already defined Hyperexponential.html:152:1 (Hyperexponential.Rd:71): Warning: <h5> anchor "Arguments" already defined Hyperexponential.html:165:1 (Hyperexponential.Rd:78): Warning: <h5> anchor "Returns" already defined Hyperexponential.html:183:1 (Hyperexponential.Rd:88): Warning: <h5> anchor "Usage" already defined Hyperexponential.html:189:1 (Hyperexponential.Rd:92): Warning: <h5> anchor "Arguments" already defined Hyperexponential.html:204:1 (Hyperexponential.Rd:101): Warning: <h5> anchor "Returns" already defined Hyperexponential.html:221:1 (Hyperexponential.Rd:110): Warning: <h5> anchor "Usage" already defined Hyperexponential.html:227:1 (Hyperexponential.Rd:114): Warning: <h5> anchor "Arguments" already defined Hyperexponential.html:242:1 (Hyperexponential.Rd:123): Warning: <h5> anchor "Returns" already defined Hyperexponential.html:259:1 (Hyperexponential.Rd:132): Warning: <h5> anchor "Usage" already defined Hyperexponential.html:265:1 (Hyperexponential.Rd:136): Warning: <h5> anchor "Arguments" already defined Hyperexponential.html:278:1 (Hyperexponential.Rd:143): Warning: <h5> anchor "Returns" already defined Hyperexponential.html:295:1 (Hyperexponential.Rd:152): Warning: <h5> anchor "Usage" already defined Hyperexponential.html:301:1 (Hyperexponential.Rd:156): Warning: <h5> anchor "Returns" already defined Hyperexponential.html:318:1 (Hyperexponential.Rd:165): Warning: <h5> anchor "Usage" already defined Hyperexponential.html:324:1 (Hyperexponential.Rd:169): Warning: <h5> anchor "Returns" already defined Hyperexponential.html:341:1 (Hyperexponential.Rd:178): Warning: <h5> anchor "Usage" already defined Hyperexponential.html:347:1 (Hyperexponential.Rd:182): Warning: <h5> anchor "Returns" already defined Hyperexponential.html:364:1 (Hyperexponential.Rd:191): Warning: <h5> anchor "Usage" already defined Hyperexponential.html:370:1 (Hyperexponential.Rd:195): Warning: <h5> anchor "Returns" already defined Hyperexponential.html:387:1 (Hyperexponential.Rd:204): Warning: <h5> anchor "Usage" already defined Hyperexponential.html:393:1 (Hyperexponential.Rd:208): Warning: <h5> anchor "Returns" already defined Hyperexponential.html:410:1 (Hyperexponential.Rd:217): Warning: <h5> anchor "Usage" already defined Hyperexponential.html:416:1 (Hyperexponential.Rd:221): Warning: <h5> anchor "Returns" already defined Hyperexponential.html:433:1 (Hyperexponential.Rd:230): Warning: <h5> anchor "Usage" already defined Hyperexponential.html:439:1 (Hyperexponential.Rd:234): Warning: <h5> anchor "Returns" already defined Hyperexponential.html:456:1 (Hyperexponential.Rd:243): Warning: <h5> anchor "Usage" already defined Hyperexponential.html:462:1 (Hyperexponential.Rd:247): Warning: <h5> anchor "Arguments" already defined InverseGamma.html:148:1 (InverseGamma.Rd:106): Warning: <h5> anchor "Usage" already defined InverseGamma.html:154:1 (InverseGamma.Rd:110): Warning: <h5> anchor "Arguments" already defined InverseGamma.html:169:1 (InverseGamma.Rd:119): Warning: <h5> anchor "Returns" already defined InverseGamma.html:187:1 (InverseGamma.Rd:129): Warning: <h5> anchor "Usage" already defined InverseGamma.html:193:1 (InverseGamma.Rd:133): Warning: <h5> anchor "Arguments" already defined InverseGamma.html:208:1 (InverseGamma.Rd:142): Warning: <h5> anchor "Returns" already defined InverseGamma.html:225:1 (InverseGamma.Rd:151): Warning: <h5> anchor "Usage" already defined InverseGamma.html:231:1 (InverseGamma.Rd:155): Warning: <h5> anchor "Arguments" already defined InverseGamma.html:246:1 (InverseGamma.Rd:164): Warning: <h5> anchor "Returns" already defined InverseGamma.html:263:1 (InverseGamma.Rd:173): Warning: <h5> anchor "Usage" already defined InverseGamma.html:269:1 (InverseGamma.Rd:177): Warning: <h5> anchor "Arguments" already defined InverseGamma.html:282:1 (InverseGamma.Rd:184): Warning: <h5> anchor "Returns" already defined InverseGamma.html:299:1 (InverseGamma.Rd:193): Warning: <h5> anchor "Usage" already defined InverseGamma.html:305:1 (InverseGamma.Rd:197): Warning: <h5> anchor "Returns" already defined InverseGamma.html:322:1 (InverseGamma.Rd:206): Warning: <h5> anchor "Usage" already defined InverseGamma.html:328:1 (InverseGamma.Rd:210): Warning: <h5> anchor "Returns" already defined InverseGamma.html:345:1 (InverseGamma.Rd:219): Warning: <h5> anchor "Usage" already defined InverseGamma.html:351:1 (InverseGamma.Rd:223): Warning: <h5> anchor "Returns" already defined InverseGamma.html:368:1 (InverseGamma.Rd:232): Warning: <h5> anchor "Usage" already defined InverseGamma.html:374:1 (InverseGamma.Rd:236): Warning: <h5> anchor "Returns" already defined InverseGamma.html:391:1 (InverseGamma.Rd:245): Warning: <h5> anchor "Usage" already defined InverseGamma.html:397:1 (InverseGamma.Rd:249): Warning: <h5> anchor "Returns" already defined InverseGamma.html:414:1 (InverseGamma.Rd:258): Warning: <h5> anchor "Usage" already defined InverseGamma.html:420:1 (InverseGamma.Rd:262): Warning: <h5> anchor "Returns" already defined InverseGamma.html:437:1 (InverseGamma.Rd:271): Warning: <h5> anchor "Usage" already defined InverseGamma.html:443:1 (InverseGamma.Rd:275): Warning: <h5> anchor "Returns" already defined InverseGamma.html:460:1 (InverseGamma.Rd:284): Warning: <h5> anchor "Usage" already defined InverseGamma.html:466:1 (InverseGamma.Rd:288): Warning: <h5> anchor "Returns" already defined InverseGamma.html:483:1 (InverseGamma.Rd:297): Warning: <h5> anchor "Usage" already defined InverseGamma.html:489:1 (InverseGamma.Rd:301): Warning: <h5> anchor "Arguments" already defined InverseGaussian.html:506:1 (InverseGaussian.Rd:269): Warning: missing </ul> before </div> InverseGaussian.html:148:1 (InverseGaussian.Rd:67): Warning: <h5> anchor "Usage" already defined InverseGaussian.html:154:1 (InverseGaussian.Rd:71): Warning: <h5> anchor "Arguments" already defined InverseGaussian.html:169:1 (InverseGaussian.Rd:80): Warning: <h5> anchor "Returns" already defined InverseGaussian.html:187:1 (InverseGaussian.Rd:90): Warning: <h5> anchor "Usage" already defined InverseGaussian.html:193:1 (InverseGaussian.Rd:94): Warning: <h5> anchor "Arguments" already defined InverseGaussian.html:208:1 (InverseGaussian.Rd:103): Warning: <h5> anchor "Returns" already defined InverseGaussian.html:225:1 (InverseGaussian.Rd:112): Warning: <h5> anchor "Usage" already defined InverseGaussian.html:231:1 (InverseGaussian.Rd:116): Warning: <h5> anchor "Arguments" already defined InverseGaussian.html:246:1 (InverseGaussian.Rd:125): Warning: <h5> anchor "Returns" already defined InverseGaussian.html:263:1 (InverseGaussian.Rd:134): Warning: <h5> anchor "Usage" already defined InverseGaussian.html:269:1 (InverseGaussian.Rd:138): Warning: <h5> anchor "Arguments" already defined InverseGaussian.html:282:1 (InverseGaussian.Rd:145): Warning: <h5> anchor "Returns" already defined InverseGaussian.html:299:1 (InverseGaussian.Rd:154): Warning: <h5> anchor "Usage" already defined InverseGaussian.html:305:1 (InverseGaussian.Rd:158): Warning: <h5> anchor "Returns" already defined InverseGaussian.html:322:1 (InverseGaussian.Rd:167): Warning: <h5> anchor "Usage" already defined InverseGaussian.html:328:1 (InverseGaussian.Rd:171): Warning: <h5> anchor "Returns" already defined InverseGaussian.html:345:1 (InverseGaussian.Rd:180): Warning: <h5> anchor "Usage" already defined InverseGaussian.html:351:1 (InverseGaussian.Rd:184): Warning: <h5> anchor "Returns" already defined InverseGaussian.html:368:1 (InverseGaussian.Rd:193): Warning: <h5> anchor "Usage" already defined InverseGaussian.html:374:1 (InverseGaussian.Rd:197): Warning: <h5> anchor "Returns" already defined InverseGaussian.html:391:1 (InverseGaussian.Rd:206): Warning: <h5> anchor "Usage" already defined InverseGaussian.html:397:1 (InverseGaussian.Rd:210): Warning: <h5> anchor "Returns" already defined InverseGaussian.html:414:1 (InverseGaussian.Rd:219): Warning: <h5> anchor "Usage" already defined InverseGaussian.html:420:1 (InverseGaussian.Rd:223): Warning: <h5> anchor "Returns" already defined InverseGaussian.html:437:1 (InverseGaussian.Rd:232): Warning: <h5> anchor "Usage" already defined InverseGaussian.html:443:1 (InverseGaussian.Rd:236): Warning: <h5> anchor "Returns" already defined InverseGaussian.html:460:1 (InverseGaussian.Rd:245): Warning: <h5> anchor "Usage" already defined InverseGaussian.html:466:1 (InverseGaussian.Rd:249): Warning: <h5> anchor "Returns" already defined InverseGaussian.html:483:1 (InverseGaussian.Rd:258): Warning: <h5> anchor "Usage" already defined InverseGaussian.html:489:1 (InverseGaussian.Rd:262): Warning: <h5> anchor "Arguments" already defined NormalInverseGaussian.html:151:1 (NormalInverseGaussian.Rd:85): Warning: <h5> anchor "Usage" already defined NormalInverseGaussian.html:157:1 (NormalInverseGaussian.Rd:89): Warning: <h5> anchor "Arguments" already defined NormalInverseGaussian.html:172:1 (NormalInverseGaussian.Rd:98): Warning: <h5> anchor "Returns" already defined NormalInverseGaussian.html:190:1 (NormalInverseGaussian.Rd:108): Warning: <h5> anchor "Usage" already defined NormalInverseGaussian.html:196:1 (NormalInverseGaussian.Rd:112): Warning: <h5> anchor "Arguments" already defined NormalInverseGaussian.html:209:1 (NormalInverseGaussian.Rd:119): Warning: <h5> anchor "Returns" already defined NormalInverseGaussian.html:228:1 (NormalInverseGaussian.Rd:130): Warning: <h5> anchor "Usage" already defined NormalInverseGaussian.html:234:1 (NormalInverseGaussian.Rd:134): Warning: <h5> anchor "Arguments" already defined NormalInverseGaussian.html:250:1 (NormalInverseGaussian.Rd:144): Warning: <h5> anchor "Returns" already defined NormalInverseGaussian.html:267:1 (NormalInverseGaussian.Rd:153): Warning: <h5> anchor "Usage" already defined NormalInverseGaussian.html:273:1 (NormalInverseGaussian.Rd:157): Warning: <h5> anchor "Arguments" already defined NormalInverseGaussian.html:286:1 (NormalInverseGaussian.Rd:164): Warning: <h5> anchor "Returns" already defined NormalInverseGaussian.html:303:1 (NormalInverseGaussian.Rd:173): Warning: <h5> anchor "Usage" already defined NormalInverseGaussian.html:309:1 (NormalInverseGaussian.Rd:177): Warning: <h5> anchor "Returns" already defined NormalInverseGaussian.html:327:1 (NormalInverseGaussian.Rd:187): Warning: <h5> anchor "Usage" already defined NormalInverseGaussian.html:333:1 (NormalInverseGaussian.Rd:191): Warning: <h5> anchor "Returns" already defined NormalInverseGaussian.html:351:1 (NormalInverseGaussian.Rd:201): Warning: <h5> anchor "Usage" already defined NormalInverseGaussian.html:357:1 (NormalInverseGaussian.Rd:205): Warning: <h5> anchor "Returns" already defined NormalInverseGaussian.html:374:1 (NormalInverseGaussian.Rd:214): Warning: <h5> anchor "Usage" already defined NormalInverseGaussian.html:380:1 (NormalInverseGaussian.Rd:218): Warning: <h5> anchor "Returns" already defined NormalInverseGaussian.html:397:1 (NormalInverseGaussian.Rd:227): Warning: <h5> anchor "Usage" already defined NormalInverseGaussian.html:403:1 (NormalInverseGaussian.Rd:231): Warning: <h5> anchor "Returns" already defined NormalInverseGaussian.html:420:1 (NormalInverseGaussian.Rd:240): Warning: <h5> anchor "Usage" already defined NormalInverseGaussian.html:426:1 (NormalInverseGaussian.Rd:244): Warning: <h5> anchor "Returns" already defined NormalInverseGaussian.html:443:1 (NormalInverseGaussian.Rd:253): Warning: <h5> anchor "Usage" already defined NormalInverseGaussian.html:449:1 (NormalInverseGaussian.Rd:257): Warning: <h5> anchor "Arguments" already defined SkewNormal.html:482:1 (SkewNormal.Rd:257): Warning: missing </ul> before </div> SkewNormal.html:149:1 (SkewNormal.Rd:70): Warning: <h5> anchor "Usage" already defined SkewNormal.html:155:1 (SkewNormal.Rd:74): Warning: <h5> anchor "Arguments" already defined SkewNormal.html:168:1 (SkewNormal.Rd:81): Warning: <h5> anchor "Returns" already defined SkewNormal.html:186:1 (SkewNormal.Rd:91): Warning: <h5> anchor "Usage" already defined SkewNormal.html:192:1 (SkewNormal.Rd:95): Warning: <h5> anchor "Arguments" already defined SkewNormal.html:207:1 (SkewNormal.Rd:104): Warning: <h5> anchor "Returns" already defined SkewNormal.html:224:1 (SkewNormal.Rd:113): Warning: <h5> anchor "Usage" already defined SkewNormal.html:230:1 (SkewNormal.Rd:117): Warning: <h5> anchor "Arguments" already defined SkewNormal.html:245:1 (SkewNormal.Rd:126): Warning: <h5> anchor "Returns" already defined SkewNormal.html:262:1 (SkewNormal.Rd:135): Warning: <h5> anchor "Usage" already defined SkewNormal.html:268:1 (SkewNormal.Rd:139): Warning: <h5> anchor "Arguments" already defined SkewNormal.html:281:1 (SkewNormal.Rd:146): Warning: <h5> anchor "Returns" already defined SkewNormal.html:298:1 (SkewNormal.Rd:155): Warning: <h5> anchor "Usage" already defined SkewNormal.html:304:1 (SkewNormal.Rd:159): Warning: <h5> anchor "Returns" already defined SkewNormal.html:321:1 (SkewNormal.Rd:168): Warning: <h5> anchor "Usage" already defined SkewNormal.html:327:1 (SkewNormal.Rd:172): Warning: <h5> anchor "Returns" already defined SkewNormal.html:344:1 (SkewNormal.Rd:181): Warning: <h5> anchor "Usage" already defined SkewNormal.html:350:1 (SkewNormal.Rd:185): Warning: <h5> anchor "Returns" already defined SkewNormal.html:367:1 (SkewNormal.Rd:194): Warning: <h5> anchor "Usage" already defined SkewNormal.html:373:1 (SkewNormal.Rd:198): Warning: <h5> anchor "Returns" already defined SkewNormal.html:390:1 (SkewNormal.Rd:207): Warning: <h5> anchor "Usage" already defined SkewNormal.html:396:1 (SkewNormal.Rd:211): Warning: <h5> anchor "Returns" already defined SkewNormal.html:413:1 (SkewNormal.Rd:220): Warning: <h5> anchor "Usage" already defined SkewNormal.html:419:1 (SkewNormal.Rd:224): Warning: <h5> anchor "Returns" already defined SkewNormal.html:436:1 (SkewNormal.Rd:233): Warning: <h5> anchor "Usage" already defined SkewNormal.html:442:1 (SkewNormal.Rd:237): Warning: <h5> anchor "Returns" already defined SkewNormal.html:459:1 (SkewNormal.Rd:246): Warning: <h5> anchor "Usage" already defined SkewNormal.html:465:1 (SkewNormal.Rd:250): Warning: <h5> anchor "Arguments" already defined Student.html:142:1 (Student.Rd:69): Warning: <h5> anchor "Usage" already defined Student.html:148:1 (Student.Rd:73): Warning: <h5> anchor "Arguments" already defined Student.html:161:1 (Student.Rd:80): Warning: <h5> anchor "Returns" already defined Student.html:179:1 (Student.Rd:90): Warning: <h5> anchor "Usage" already defined Student.html:185:1 (Student.Rd:94): Warning: <h5> anchor "Arguments" already defined Student.html:200:1 (Student.Rd:103): Warning: <h5> anchor "Returns" already defined Student.html:217:1 (Student.Rd:112): Warning: <h5> anchor "Usage" already defined Student.html:223:1 (Student.Rd:116): Warning: <h5> anchor "Arguments" already defined Student.html:238:1 (Student.Rd:125): Warning: <h5> anchor "Returns" already defined Student.html:255:1 (Student.Rd:134): Warning: <h5> anchor "Usage" already defined Student.html:261:1 (Student.Rd:138): Warning: <h5> anchor "Arguments" already defined Student.html:274:1 (Student.Rd:145): Warning: <h5> anchor "Returns" already defined Student.html:291:1 (Student.Rd:154): Warning: <h5> anchor "Usage" already defined Student.html:297:1 (Student.Rd:158): Warning: <h5> anchor "Returns" already defined Student.html:314:1 (Student.Rd:167): Warning: <h5> anchor "Usage" already defined Student.html:320:1 (Student.Rd:171): Warning: <h5> anchor "Returns" already defined Student.html:337:1 (Student.Rd:180): Warning: <h5> anchor "Usage" already defined Student.html:343:1 (Student.Rd:184): Warning: <h5> anchor "Returns" already defined Student.html:360:1 (Student.Rd:193): Warning: <h5> anchor "Usage" already defined Student.html:366:1 (Student.Rd:197): Warning: <h5> anchor "Returns" already defined Student.html:383:1 (Student.Rd:206): Warning: <h5> anchor "Usage" already defined Student.html:389:1 (Student.Rd:210): Warning: <h5> anchor "Returns" already defined Student.html:406:1 (Student.Rd:219): Warning: <h5> anchor "Usage" already defined Student.html:412:1 (Student.Rd:223): Warning: <h5> anchor "Returns" already defined Student.html:429:1 (Student.Rd:232): Warning: <h5> anchor "Usage" already defined Student.html:435:1 (Student.Rd:236): Warning: <h5> anchor "Returns" already defined Student.html:452:1 (Student.Rd:245): Warning: <h5> anchor "Usage" already defined Student.html:458:1 (Student.Rd:249): Warning: <h5> anchor "Returns" already defined Student.html:475:1 (Student.Rd:258): Warning: <h5> anchor "Usage" already defined Student.html:481:1 (Student.Rd:262): Warning: <h5> anchor "Arguments" already defined Flavors: r-devel-linux-x86_64-debian-clang, r-devel-linux-x86_64-debian-gcc

Version: 1.0.0
Check: whether package can be installed
Result: ERROR Installation failed. Flavor: r-oldrel-macos-arm64

Version: 1.0.0
Check: installed package size
Result: NOTE installed size is 13.2Mb sub-directories of 1Mb or more: libs 12.3Mb Flavor: r-oldrel-macos-x86_64