CRAN Package Check Results for Package bootGOF

Last updated on 2025-10-21 17:49:43 CEST.

Flavor Version Tinstall Tcheck Ttotal Status Flags
r-devel-linux-x86_64-debian-clang 0.1.1 11.65 38.17 49.82 NOTE
r-devel-linux-x86_64-debian-gcc 0.1.1 7.00 29.54 36.54 NOTE
r-devel-linux-x86_64-fedora-clang 0.1.1 50.00 32.39 82.39 OK
r-devel-linux-x86_64-fedora-gcc 0.1.1 22.00 69.11 91.11 OK
r-devel-windows-x86_64 0.1.1 11.00 58.00 69.00 OK
r-patched-linux-x86_64 0.1.1 11.53 35.86 47.39 OK
r-release-linux-x86_64 0.1.1 10.32 36.70 47.02 OK
r-release-macos-arm64 0.1.1 4.00 34.00 38.00 OK
r-release-macos-x86_64 0.1.1 8.00 88.00 96.00 OK
r-release-windows-x86_64 0.1.1 11.00 59.00 70.00 OK
r-oldrel-macos-arm64 0.1.1 5.00 41.00 46.00 OK
r-oldrel-macos-x86_64 0.1.1 7.00 98.00 105.00 OK
r-oldrel-windows-x86_64 0.1.1 11.00 68.00 79.00 OK

Check Details

Version: 0.1.1
Check: HTML version of manual
Result: NOTE Found the following HTML validation problems: GOF_glm_info_extractor.html:199:1 (GOF_glm_info_extractor.Rd:99): Warning: missing </ul> before </div> GOF_glm_info_extractor.html:104:1 (GOF_glm_info_extractor.Rd:48): Warning: <h5> anchor "Usage" already defined GOF_glm_info_extractor.html:110:1 (GOF_glm_info_extractor.Rd:52): Warning: <h5> anchor "Arguments" already defined GOF_glm_info_extractor.html:123:1 (GOF_glm_info_extractor.Rd:59): Warning: <h5> anchor "Returns" already defined GOF_glm_info_extractor.html:140:1 (GOF_glm_info_extractor.Rd:68): Warning: <h5> anchor "Usage" already defined GOF_glm_info_extractor.html:146:1 (GOF_glm_info_extractor.Rd:72): Warning: <h5> anchor "Arguments" already defined GOF_glm_info_extractor.html:159:1 (GOF_glm_info_extractor.Rd:79): Warning: <h5> anchor "Returns" already defined GOF_glm_info_extractor.html:176:1 (GOF_glm_info_extractor.Rd:88): Warning: <h5> anchor "Usage" already defined GOF_glm_info_extractor.html:182:1 (GOF_glm_info_extractor.Rd:92): Warning: <h5> anchor "Arguments" already defined GOF_glm_sim_param.html:116:1 (GOF_glm_sim_param.Rd:55): Warning: missing </ul> before </div> GOF_glm_sim_param.html:93:1 (GOF_glm_sim_param.Rd:44): Warning: <h5> anchor "Usage" already defined GOF_glm_sim_param.html:99:1 (GOF_glm_sim_param.Rd:48): Warning: <h5> anchor "Arguments" already defined GOF_glm_trainer.html:116:1 (GOF_glm_trainer.Rd:55): Warning: missing </ul> before </div> GOF_glm_trainer.html:93:1 (GOF_glm_trainer.Rd:44): Warning: <h5> anchor "Usage" already defined GOF_glm_trainer.html:99:1 (GOF_glm_trainer.Rd:48): Warning: <h5> anchor "Arguments" already defined GOF_lm_info_extractor.html:199:1 (GOF_lm_info_extractor.Rd:99): Warning: missing </ul> before </div> GOF_lm_info_extractor.html:104:1 (GOF_lm_info_extractor.Rd:48): Warning: <h5> anchor "Usage" already defined GOF_lm_info_extractor.html:110:1 (GOF_lm_info_extractor.Rd:52): Warning: <h5> anchor "Arguments" already defined GOF_lm_info_extractor.html:123:1 (GOF_lm_info_extractor.Rd:59): Warning: <h5> anchor "Returns" already defined GOF_lm_info_extractor.html:140:1 (GOF_lm_info_extractor.Rd:68): Warning: <h5> anchor "Usage" already defined GOF_lm_info_extractor.html:146:1 (GOF_lm_info_extractor.Rd:72): Warning: <h5> anchor "Arguments" already defined GOF_lm_info_extractor.html:159:1 (GOF_lm_info_extractor.Rd:79): Warning: <h5> anchor "Returns" already defined GOF_lm_info_extractor.html:176:1 (GOF_lm_info_extractor.Rd:88): Warning: <h5> anchor "Usage" already defined GOF_lm_info_extractor.html:182:1 (GOF_lm_info_extractor.Rd:92): Warning: <h5> anchor "Arguments" already defined GOF_lm_sim_param.html:118:1 (GOF_lm_sim_param.Rd:57): Warning: missing </ul> before </div> GOF_lm_sim_param.html:95:1 (GOF_lm_sim_param.Rd:46): Warning: <h5> anchor "Usage" already defined GOF_lm_sim_param.html:101:1 (GOF_lm_sim_param.Rd:50): Warning: <h5> anchor "Arguments" already defined GOF_lm_trainer.html:116:1 (GOF_lm_trainer.Rd:55): Warning: missing </ul> before </div> GOF_lm_trainer.html:93:1 (GOF_lm_trainer.Rd:44): Warning: <h5> anchor "Usage" already defined GOF_lm_trainer.html:99:1 (GOF_lm_trainer.Rd:48): Warning: <h5> anchor "Arguments" already defined GOF_model_info_extractor.html:197:1 (GOF_model_info_extractor.Rd:100): Warning: missing </ul> before </div> GOF_model_info_extractor.html:100:1 (GOF_model_info_extractor.Rd:47): Warning: <h5> anchor "Usage" already defined GOF_model_info_extractor.html:106:1 (GOF_model_info_extractor.Rd:51): Warning: <h5> anchor "Arguments" already defined GOF_model_info_extractor.html:119:1 (GOF_model_info_extractor.Rd:58): Warning: <h5> anchor "Returns" already defined GOF_model_info_extractor.html:137:1 (GOF_model_info_extractor.Rd:68): Warning: <h5> anchor "Usage" already defined GOF_model_info_extractor.html:143:1 (GOF_model_info_extractor.Rd:72): Warning: <h5> anchor "Arguments" already defined GOF_model_info_extractor.html:156:1 (GOF_model_info_extractor.Rd:79): Warning: <h5> anchor "Returns" already defined GOF_model_info_extractor.html:174:1 (GOF_model_info_extractor.Rd:89): Warning: <h5> anchor "Usage" already defined GOF_model_info_extractor.html:180:1 (GOF_model_info_extractor.Rd:93): Warning: <h5> anchor "Arguments" already defined GOF_model_resample.html:161:1 (GOF_model_resample.Rd:83): Warning: missing </ul> before </div> GOF_model_resample.html:98:1 (GOF_model_resample.Rd:48): Warning: <h5> anchor "Usage" already defined GOF_model_resample.html:104:1 (GOF_model_resample.Rd:52): Warning: <h5> anchor "Arguments" already defined GOF_model_resample.html:121:1 (GOF_model_resample.Rd:63): Warning: <h5> anchor "Returns" already defined GOF_model_resample.html:138:1 (GOF_model_resample.Rd:72): Warning: <h5> anchor "Usage" already defined GOF_model_resample.html:144:1 (GOF_model_resample.Rd:76): Warning: <h5> anchor "Arguments" already defined GOF_model_simulator.html:116:1 (GOF_model_simulator.Rd:55): Warning: missing </ul> before </div> GOF_model_simulator.html:93:1 (GOF_model_simulator.Rd:44): Warning: <h5> anchor "Usage" already defined GOF_model_simulator.html:99:1 (GOF_model_simulator.Rd:48): Warning: <h5> anchor "Arguments" already defined GOF_model_test.html:225:1 (GOF_model_test.Rd:129): Warning: missing </ul> before </div> GOF_model_test.html:128:1 (GOF_model_test.Rd:74): Warning: <h5> anchor "Usage" already defined GOF_model_test.html:134:1 (GOF_model_test.Rd:78): Warning: <h5> anchor "Returns" already defined GOF_model_test.html:153:1 (GOF_model_test.Rd:89): Warning: <h5> anchor "Usage" already defined GOF_model_test.html:159:1 (GOF_model_test.Rd:93): Warning: <h5> anchor "Returns" already defined GOF_model_test.html:178:1 (GOF_model_test.Rd:104): Warning: <h5> anchor "Usage" already defined GOF_model_test.html:184:1 (GOF_model_test.Rd:108): Warning: <h5> anchor "Returns" already defined GOF_model_test.html:202:1 (GOF_model_test.Rd:118): Warning: <h5> anchor "Usage" already defined GOF_model_test.html:208:1 (GOF_model_test.Rd:122): Warning: <h5> anchor "Arguments" already defined GOF_model_trainer.html:120:1 (GOF_model_trainer.Rd:59): Warning: missing </ul> before </div> GOF_model_trainer.html:97:1 (GOF_model_trainer.Rd:48): Warning: <h5> anchor "Usage" already defined GOF_model_trainer.html:103:1 (GOF_model_trainer.Rd:52): Warning: <h5> anchor "Arguments" already defined GOF_sim_wild_rademacher.html:148:1 (GOF_sim_wild_rademacher.Rd:74): Warning: missing </ul> before </div> GOF_sim_wild_rademacher.html:89:1 (GOF_sim_wild_rademacher.Rd:43): Warning: <h5> anchor "Usage" already defined GOF_sim_wild_rademacher.html:95:1 (GOF_sim_wild_rademacher.Rd:47): Warning: <h5> anchor "Arguments" already defined GOF_sim_wild_rademacher.html:125:1 (GOF_sim_wild_rademacher.Rd:63): Warning: <h5> anchor "Usage" already defined GOF_sim_wild_rademacher.html:131:1 (GOF_sim_wild_rademacher.Rd:67): Warning: <h5> anchor "Arguments" already defined Rn1_CvM.html:121:1 (Rn1_CvM.Rd:57): Warning: missing </ul> before </div> Rn1_CvM.html:98:1 (Rn1_CvM.Rd:46): Warning: <h5> anchor "Usage" already defined Rn1_CvM.html:104:1 (Rn1_CvM.Rd:50): Warning: <h5> anchor "Arguments" already defined Rn1_KS.html:120:1 (Rn1_KS.Rd:56): Warning: missing </ul> before </div> Rn1_KS.html:97:1 (Rn1_KS.Rd:45): Warning: <h5> anchor "Usage" already defined Rn1_KS.html:103:1 (Rn1_KS.Rd:49): Warning: <h5> anchor "Arguments" already defined Rn1_statistic.html:116:1 (Rn1_statistic.Rd:55): Warning: missing </ul> before </div> Rn1_statistic.html:93:1 (Rn1_statistic.Rd:44): Warning: <h5> anchor "Usage" already defined Rn1_statistic.html:99:1 (Rn1_statistic.Rd:48): Warning: <h5> anchor "Arguments" already defined Flavors: r-devel-linux-x86_64-debian-clang, r-devel-linux-x86_64-debian-gcc