Last updated on 2025-10-22 23:49:50 CEST.
Flavor | Version | Tinstall | Tcheck | Ttotal | Status | Flags |
---|---|---|---|---|---|---|
r-devel-linux-x86_64-debian-clang | 4.8.4 | 32.40 | 618.08 | 650.48 | NOTE | |
r-devel-linux-x86_64-debian-gcc | 4.8.4 | 25.40 | 397.14 | 422.54 | NOTE | |
r-devel-linux-x86_64-fedora-clang | 4.8.4 | 163.00 | 935.03 | 1098.03 | OK | |
r-devel-linux-x86_64-fedora-gcc | 4.8.4 | 67.00 | 949.55 | 1016.55 | OK | |
r-devel-windows-x86_64 | 4.8.4 | 35.00 | 592.00 | 627.00 | OK | |
r-patched-linux-x86_64 | 4.8.4 | 33.91 | 590.92 | 624.83 | OK | |
r-release-linux-x86_64 | 4.8.4 | 32.73 | 596.82 | 629.55 | OK | |
r-release-macos-arm64 | 4.8.4 | 16.00 | 256.00 | 272.00 | OK | |
r-release-macos-x86_64 | 4.8.4 | 27.00 | 505.00 | 532.00 | OK | |
r-release-windows-x86_64 | 4.8.4 | 35.00 | 554.00 | 589.00 | OK | |
r-oldrel-macos-arm64 | 4.8.4 | 16.00 | 252.00 | 268.00 | OK | |
r-oldrel-macos-x86_64 | 4.8.4 | 23.00 | 527.00 | 550.00 | OK | |
r-oldrel-windows-x86_64 | 4.8.4 | 50.00 | 754.00 | 804.00 | OK |
Version: 4.8.4
Check: CRAN incoming feasibility
Result: NOTE
Maintainer: ‘Amy D Willis <adwillis@uw.edu>’
The Description field contains
<doi:10.1111/rssc.12206>, and Willis (2016) <arXiv:1604.02598>, as well
Please refer to arXiv e-prints via their arXiv DOI <doi:10.48550/arXiv.YYMM.NNNNN>.
Flavors: r-devel-linux-x86_64-debian-clang, r-devel-linux-x86_64-debian-gcc