Last updated on 2025-10-22 11:51:03 CEST.
Flavor | Version | Tinstall | Tcheck | Ttotal | Status | Flags |
---|---|---|---|---|---|---|
r-devel-linux-x86_64-debian-clang | 1.0.10 | 12.81 | 322.50 | 335.31 | NOTE | |
r-devel-linux-x86_64-debian-gcc | 1.0.10 | 8.64 | 211.75 | 220.39 | NOTE | |
r-devel-linux-x86_64-fedora-clang | 1.0.10 | 28.00 | 489.18 | 517.18 | OK | |
r-devel-linux-x86_64-fedora-gcc | 1.0.10 | 54.00 | 492.04 | 546.04 | OK | |
r-devel-windows-x86_64 | 1.0.10 | 16.00 | 435.00 | 451.00 | OK | |
r-patched-linux-x86_64 | 1.0.10 | 20.55 | 302.01 | 322.56 | OK | |
r-release-linux-x86_64 | 1.0.10 | 10.24 | 301.91 | 312.15 | OK | |
r-release-macos-arm64 | 1.0.10 | 5.00 | 135.00 | 140.00 | OK | |
r-release-macos-x86_64 | 1.0.10 | 12.00 | 298.00 | 310.00 | OK | |
r-release-windows-x86_64 | 1.0.10 | 19.00 | 441.00 | 460.00 | OK | |
r-oldrel-macos-arm64 | 1.0.10 | 6.00 | 134.00 | 140.00 | OK | |
r-oldrel-macos-x86_64 | 1.0.10 | 12.00 | 322.00 | 334.00 | OK | |
r-oldrel-windows-x86_64 | 1.0.10 | 22.00 | 561.00 | 583.00 | OK |
Version: 1.0.10
Check: HTML version of manual
Result: NOTE
Found the following HTML validation problems:
augment.glmRob.html:86:1 (augment.glmRob.Rd:12): Warning: missing </ul> before </div>
sp_tidiers.html:86:1 (sp_tidiers.Rd:34): Warning: missing </ul> before </div>
Flavors: r-devel-linux-x86_64-debian-clang, r-devel-linux-x86_64-debian-gcc