Last updated on 2025-10-22 17:49:33 CEST.
Flavor | Version | Tinstall | Tcheck | Ttotal | Status | Flags |
---|---|---|---|---|---|---|
r-devel-linux-x86_64-debian-clang | 0.9.0 | 7.26 | 129.40 | 136.66 | NOTE | |
r-devel-linux-x86_64-debian-gcc | 0.9.0 | 5.43 | 87.24 | 92.67 | NOTE | |
r-devel-linux-x86_64-fedora-clang | 0.9.0 | 38.00 | 214.98 | 252.98 | OK | |
r-devel-linux-x86_64-fedora-gcc | 0.9.0 | 19.00 | 188.65 | 207.65 | OK | |
r-devel-windows-x86_64 | 0.9.0 | 19.00 | 130.00 | 149.00 | OK | |
r-patched-linux-x86_64 | 0.9.0 | 10.53 | 125.06 | 135.59 | OK | |
r-release-linux-x86_64 | 0.9.0 | 6.89 | 126.46 | 133.35 | OK | |
r-release-macos-arm64 | 0.9.0 | 4.00 | 57.00 | 61.00 | OK | |
r-release-macos-x86_64 | 0.9.0 | 10.00 | 128.00 | 138.00 | OK | |
r-release-windows-x86_64 | 0.9.0 | 18.00 | 130.00 | 148.00 | OK | |
r-oldrel-macos-arm64 | 0.9.0 | 4.00 | 57.00 | 61.00 | NOTE | |
r-oldrel-macos-x86_64 | 0.9.0 | 7.00 | 98.00 | 105.00 | NOTE | |
r-oldrel-windows-x86_64 | 0.9.0 | 28.00 | 155.00 | 183.00 | NOTE |
Version: 0.9.0
Check: HTML version of manual
Result: NOTE
Found the following HTML validation problems:
as.tags.bslib_sidebar.html:52:1 (as.tags.bslib_sidebar.Rd:12): Warning: missing </ul> before </div>
html-browse.html:54:1 (html-browse.Rd:15): Warning: missing </ul> before </div>
nav_prepend.html:81:1 (nav_prepend.Rd:34): Warning: missing </ul> before </div>
save-html.html:54:1 (save-html.Rd:15): Warning: missing </ul> before </div>
Flavors: r-devel-linux-x86_64-debian-clang, r-devel-linux-x86_64-debian-gcc
Version: 0.9.0
Check: installed package size
Result: NOTE
installed size is 12.5Mb
sub-directories of 1Mb or more:
components 1.0Mb
fonts 2.4Mb
lib 5.3Mb
Flavors: r-oldrel-macos-arm64, r-oldrel-macos-x86_64, r-oldrel-windows-x86_64