Last updated on 2025-10-21 17:49:43 CEST.
Flavor | Version | Tinstall | Tcheck | Ttotal | Status | Flags |
---|---|---|---|---|---|---|
r-devel-linux-x86_64-debian-clang | 0.1.5 | 3.12 | 37.21 | 40.33 | NOTE | |
r-devel-linux-x86_64-debian-gcc | 0.1.5 | 2.54 | 27.76 | 30.30 | NOTE | |
r-devel-linux-x86_64-fedora-clang | 0.1.5 | 15.00 | 57.03 | 72.03 | OK | |
r-devel-linux-x86_64-fedora-gcc | 0.1.5 | 54.80 | OK | |||
r-devel-windows-x86_64 | 0.1.5 | 5.00 | 54.00 | 59.00 | OK | |
r-patched-linux-x86_64 | 0.1.5 | 3.45 | 33.88 | 37.33 | OK | |
r-release-linux-x86_64 | 0.1.5 | 3.43 | 34.08 | 37.51 | OK | |
r-release-macos-arm64 | 0.1.5 | 2.00 | 20.00 | 22.00 | OK | |
r-release-macos-x86_64 | 0.1.5 | 3.00 | 39.00 | 42.00 | OK | |
r-release-windows-x86_64 | 0.1.5 | 5.00 | 57.00 | 62.00 | OK | |
r-oldrel-macos-arm64 | 0.1.5 | 3.00 | 34.00 | 37.00 | OK | |
r-oldrel-macos-x86_64 | 0.1.5 | 6.00 | 59.00 | 65.00 | OK | |
r-oldrel-windows-x86_64 | 0.1.5 | 6.00 | 62.00 | 68.00 | OK |
Version: 0.1.5
Check: HTML version of manual
Result: NOTE
Found the following HTML validation problems:
pipe.html:41:1 (pipe.Rd:7): Warning: missing </ul> before </div>
Flavors: r-devel-linux-x86_64-debian-clang, r-devel-linux-x86_64-debian-gcc