Last updated on 2024-05-26 21:49:11 CEST.
Flavor | Version | Tinstall | Tcheck | Ttotal | Status | Flags |
---|---|---|---|---|---|---|
r-devel-linux-x86_64-debian-clang | 1.2.0 | 3.66 | 576.97 | 580.63 | NOTE | |
r-devel-linux-x86_64-debian-gcc | 1.2.0 | 2.49 | 406.03 | 408.52 | NOTE | |
r-devel-linux-x86_64-fedora-clang | 1.2.0 | 751.33 | NOTE | |||
r-devel-linux-x86_64-fedora-gcc | 1.2.0 | 678.22 | NOTE | |||
r-devel-windows-x86_64 | 1.2.0 | 4.00 | 279.00 | 283.00 | NOTE | --no-vignettes |
r-patched-linux-x86_64 | 1.2.0 | 3.62 | 554.06 | 557.68 | NOTE | |
r-release-linux-x86_64 | 1.2.0 | 3.30 | 555.43 | 558.73 | NOTE | |
r-release-macos-arm64 | 1.2.0 | 183.00 | NOTE | |||
r-release-windows-x86_64 | 1.2.0 | 4.00 | 278.00 | 282.00 | NOTE | --no-vignettes |
r-oldrel-macos-arm64 | 1.2.0 | 217.00 | NOTE | |||
r-oldrel-macos-x86_64 | 1.2.0 | 386.00 | NOTE | |||
r-oldrel-windows-x86_64 | 1.2.0 | 5.00 | 328.00 | 333.00 | NOTE | --no-vignettes |
Version: 1.2.0
Check: Rd files
Result: NOTE
checkRd: (-1) kink_estimator.Rd:60: Escaped LaTeX specials: \$
Flavors: r-devel-linux-x86_64-debian-clang, r-devel-linux-x86_64-debian-gcc, r-devel-linux-x86_64-fedora-clang, r-devel-linux-x86_64-fedora-gcc, r-patched-linux-x86_64, r-release-linux-x86_64, r-release-macos-arm64, r-oldrel-macos-arm64, r-oldrel-macos-x86_64
Version: 1.2.0
Check: LazyData
Result: NOTE
'LazyData' is specified without a 'data' directory
Flavors: r-devel-linux-x86_64-debian-clang, r-devel-linux-x86_64-debian-gcc, r-devel-linux-x86_64-fedora-clang, r-devel-linux-x86_64-fedora-gcc, r-patched-linux-x86_64, r-release-linux-x86_64, r-release-macos-arm64, r-oldrel-macos-arm64, r-oldrel-macos-x86_64
Version: 1.2.0
Flags: --no-vignettes
Check: Rd files
Result: NOTE
checkRd: (-1) kink_estimator.Rd:60: Escaped LaTeX specials: \$
Flavors: r-devel-windows-x86_64, r-release-windows-x86_64, r-oldrel-windows-x86_64
Version: 1.2.0
Flags: --no-vignettes
Check: LazyData
Result: NOTE
'LazyData' is specified without a 'data' directory
Flavors: r-devel-windows-x86_64, r-release-windows-x86_64, r-oldrel-windows-x86_64