Last updated on 2025-10-21 17:49:43 CEST.
Flavor | Version | Tinstall | Tcheck | Ttotal | Status | Flags |
---|---|---|---|---|---|---|
r-devel-linux-x86_64-debian-clang | 1.1 | 29.93 | 30.32 | 60.25 | NOTE | |
r-devel-linux-x86_64-debian-gcc | 1.1 | 20.26 | 23.26 | 43.52 | NOTE | |
r-devel-linux-x86_64-fedora-clang | 1.1 | 163.00 | -44.56 | 118.44 | NOTE | |
r-devel-linux-x86_64-fedora-gcc | 1.1 | 73.00 | 23.62 | 96.62 | NOTE | |
r-devel-windows-x86_64 | 1.1 | 35.00 | 61.00 | 96.00 | OK | |
r-patched-linux-x86_64 | 1.1 | 29.48 | 28.50 | 57.98 | OK | |
r-release-linux-x86_64 | 1.1 | 26.83 | 28.61 | 55.44 | OK | |
r-release-macos-arm64 | 1.1 | 11.00 | 20.00 | 31.00 | OK | |
r-release-macos-x86_64 | 1.1 | 28.00 | 41.00 | 69.00 | OK | |
r-release-windows-x86_64 | 1.1 | 35.00 | 68.00 | 103.00 | OK | |
r-oldrel-macos-arm64 | 1.1 | 9.00 | 24.00 | 33.00 | OK | |
r-oldrel-macos-x86_64 | 1.1 | 19.00 | 26.00 | 45.00 | OK | |
r-oldrel-windows-x86_64 | 1.1 | 39.00 | 77.00 | 116.00 | OK |
Version: 1.1
Check: CRAN incoming feasibility
Result: NOTE
Maintainer: ‘Fabian Krueger <Fabian.Krueger83@gmail.com>’
No Authors@R field in DESCRIPTION.
Please add one, modifying
Authors@R: person(given = "Fabian",
family = "Krueger",
role = c("aut", "cre"),
email = "fabian.krueger83@gmail.com")
as necessary.
Flavors: r-devel-linux-x86_64-debian-clang, r-devel-linux-x86_64-debian-gcc
Version: 1.1
Check: compiled code
Result: NOTE
File ‘bvarsv/libs/bvarsv.so’:
Found no calls to: ‘R_registerRoutines’, ‘R_useDynamicSymbols’
It is good practice to register native routines and to disable symbol
search.
See ‘Writing portable packages’ in the ‘Writing R Extensions’ manual.
Flavors: r-devel-linux-x86_64-fedora-clang, r-devel-linux-x86_64-fedora-gcc