Last updated on 2025-10-24 18:49:51 CEST.
| Flavor | Version | Tinstall | Tcheck | Ttotal | Status | Flags |
|---|---|---|---|---|---|---|
| r-devel-linux-x86_64-debian-clang | 0.3.1 | 5.47 | 42.59 | 48.06 | OK | |
| r-devel-linux-x86_64-debian-gcc | 0.3.1 | 3.98 | 32.64 | 36.62 | OK | |
| r-devel-linux-x86_64-fedora-clang | 0.3.1 | 23.00 | 57.68 | 80.68 | OK | |
| r-devel-linux-x86_64-fedora-gcc | 0.3.1 | 11.00 | 56.35 | 67.35 | OK | |
| r-devel-windows-x86_64 | 0.3.1 | 6.00 | 54.00 | 60.00 | OK | |
| r-patched-linux-x86_64 | 0.3.1 | 4.68 | 39.48 | 44.16 | OK | |
| r-release-linux-x86_64 | 0.3.1 | 4.84 | 39.33 | 44.17 | OK | |
| r-release-macos-arm64 | 0.3.1 | 3.00 | 24.00 | 27.00 | OK | |
| r-release-macos-x86_64 | 0.3.1 | 5.00 | 40.00 | 45.00 | OK | |
| r-release-windows-x86_64 | 0.3.1 | 7.00 | 56.00 | 63.00 | OK | |
| r-oldrel-macos-arm64 | 0.3.1 | 2.00 | 21.00 | 23.00 | NOTE | |
| r-oldrel-macos-x86_64 | 0.3.1 | 5.00 | 31.00 | 36.00 | NOTE | |
| r-oldrel-windows-x86_64 | 0.3.1 | 9.00 | 68.00 | 77.00 | NOTE |
Version: 0.3.1
Check: LazyData
Result: NOTE
'LazyData' is specified without a 'data' directory
Flavors: r-oldrel-macos-arm64, r-oldrel-macos-x86_64, r-oldrel-windows-x86_64