Last updated on 2025-10-21 11:53:17 CEST.
Flavor | Version | Tinstall | Tcheck | Ttotal | Status | Flags |
---|---|---|---|---|---|---|
r-devel-linux-x86_64-debian-clang | 1.1 | 8.71 | 84.75 | 93.46 | NOTE | |
r-devel-linux-x86_64-debian-gcc | 1.1 | 7.58 | 59.83 | 67.41 | NOTE | |
r-devel-linux-x86_64-fedora-clang | 1.1 | 148.04 | OK | |||
r-devel-linux-x86_64-fedora-gcc | 1.1 | 22.00 | 116.08 | 138.08 | OK | |
r-devel-windows-x86_64 | 1.1 | 12.00 | 88.00 | 100.00 | OK | |
r-patched-linux-x86_64 | 1.1 | 10.65 | 79.59 | 90.24 | OK | |
r-release-linux-x86_64 | 1.1 | 11.19 | 78.82 | 90.01 | OK | |
r-release-macos-arm64 | 1.1 | 38.00 | OK | |||
r-release-macos-x86_64 | 1.1 | 15.00 | 71.00 | 86.00 | OK | |
r-release-windows-x86_64 | 1.1 | 12.00 | 90.00 | 102.00 | OK | |
r-oldrel-macos-arm64 | 1.1 | 42.00 | OK | |||
r-oldrel-macos-x86_64 | 1.1 | 84.00 | OK | |||
r-oldrel-windows-x86_64 | 1.1 | 16.00 | 113.00 | 129.00 | OK |
Version: 1.1
Check: HTML version of manual
Result: NOTE
Found the following HTML validation problems:
getModelComponents.merMod.html:51:1 (getModelComponents.merMod.Rd:12): Warning: missing </ul> before </div>
print.cAIC.html:56:1 (print.cAIC.Rd:15): Warning: missing </ul> before </div>
Flavors: r-devel-linux-x86_64-debian-clang, r-devel-linux-x86_64-debian-gcc