Last updated on 2025-10-21 23:50:49 CEST.
Flavor | Version | Tinstall | Tcheck | Ttotal | Status | Flags |
---|---|---|---|---|---|---|
r-devel-linux-x86_64-debian-clang | 1.4 | 2.59 | 23.75 | 26.34 | NOTE | |
r-devel-linux-x86_64-debian-gcc | 1.4 | 1.82 | 18.75 | 20.57 | NOTE | |
r-devel-linux-x86_64-fedora-clang | 1.4 | 38.03 | OK | |||
r-devel-linux-x86_64-fedora-gcc | 1.4 | 36.26 | OK | |||
r-devel-windows-x86_64 | 1.4 | 4.00 | 44.00 | 48.00 | OK | |
r-patched-linux-x86_64 | 1.4 | 2.68 | 22.46 | 25.14 | OK | |
r-release-linux-x86_64 | 1.4 | 2.41 | 22.55 | 24.96 | OK | |
r-release-macos-arm64 | 1.4 | 2.00 | 15.00 | 17.00 | OK | |
r-release-macos-x86_64 | 1.4 | 2.00 | 25.00 | 27.00 | OK | |
r-release-windows-x86_64 | 1.4 | 5.00 | 51.00 | 56.00 | OK | |
r-oldrel-macos-arm64 | 1.4 | 1.00 | 19.00 | 20.00 | OK | |
r-oldrel-macos-x86_64 | 1.4 | 2.00 | 20.00 | 22.00 | OK | |
r-oldrel-windows-x86_64 | 1.4 | 3.00 | 44.00 | 47.00 | OK |
Version: 1.4
Check: CRAN incoming feasibility
Result: NOTE
Maintainer: ‘Quinn N. Lathrop <quinn.lathrop@gmail.com>’
No Authors@R field in DESCRIPTION.
Please add one, modifying
Authors@R: person(given = c("Quinn", "N."),
family = "Lathrop",
role = c("aut", "cre"),
email = "quinn.lathrop@gmail.com")
as necessary.
Flavors: r-devel-linux-x86_64-debian-clang, r-devel-linux-x86_64-debian-gcc
Version: 1.4
Check: HTML version of manual
Result: NOTE
Found the following HTML validation problems:
Lee.ploy.html:93:1 (Lee.ploy.Rd:63): Warning: <h3> anchor "_sec_note" already defined
Flavors: r-devel-linux-x86_64-debian-clang, r-devel-linux-x86_64-debian-gcc