Last updated on 2025-10-23 11:50:08 CEST.
Flavor | Version | Tinstall | Tcheck | Ttotal | Status | Flags |
---|---|---|---|---|---|---|
r-devel-linux-x86_64-debian-clang | 0.0.3 | 1.78 | 21.00 | 22.78 | NOTE | |
r-devel-linux-x86_64-debian-gcc | 0.0.3 | 1.53 | 17.66 | 19.19 | OK | |
r-devel-linux-x86_64-fedora-clang | 0.0.3 | 31.87 | OK | |||
r-devel-linux-x86_64-fedora-gcc | 0.0.3 | 30.41 | OK | |||
r-devel-windows-x86_64 | 0.0.3 | 3.00 | 41.00 | 44.00 | OK | |
r-patched-linux-x86_64 | 0.0.3 | 1.56 | 18.56 | 20.12 | OK | |
r-release-linux-x86_64 | 0.0.3 | 1.90 | 18.82 | 20.72 | OK | |
r-release-macos-arm64 | 0.0.3 | 1.00 | 19.00 | 20.00 | OK | |
r-release-macos-x86_64 | 0.0.3 | 2.00 | 25.00 | 27.00 | OK | |
r-release-windows-x86_64 | 0.0.3 | 3.00 | 42.00 | 45.00 | OK | |
r-oldrel-macos-arm64 | 0.0.3 | 1.00 | 24.00 | 25.00 | OK | |
r-oldrel-macos-x86_64 | 0.0.3 | 2.00 | 20.00 | 22.00 | OK | |
r-oldrel-windows-x86_64 | 0.0.3 | 3.00 | 46.00 | 49.00 | OK |
Version: 0.0.3
Check: HTML version of manual
Result: NOTE
Found the following HTML validation problems:
cache_load.html:50:1 (cache_load.Rd:12): Warning: missing </ul> before </div>
Flavor: r-devel-linux-x86_64-debian-clang