Last updated on 2025-10-24 18:49:51 CEST.
| Flavor | Version | Tinstall | Tcheck | Ttotal | Status | Flags |
|---|---|---|---|---|---|---|
| r-devel-linux-x86_64-debian-clang | 0.2.2 | 11.29 | 101.90 | 113.19 | OK | |
| r-devel-linux-x86_64-debian-gcc | 0.2.2 | 8.48 | 71.01 | 79.49 | OK | |
| r-devel-linux-x86_64-fedora-clang | 0.2.2 | 22.00 | 138.05 | 160.05 | NOTE | |
| r-devel-linux-x86_64-fedora-gcc | 0.2.2 | 21.00 | 136.20 | 157.20 | NOTE | |
| r-devel-windows-x86_64 | 0.2.2 | 12.00 | 96.00 | 108.00 | OK | |
| r-patched-linux-x86_64 | 0.2.2 | 10.21 | 93.31 | 103.52 | OK | |
| r-release-linux-x86_64 | 0.2.2 | 10.95 | 92.69 | 103.64 | OK | |
| r-release-macos-arm64 | 0.2.2 | 6.00 | 62.00 | 68.00 | OK | |
| r-release-macos-x86_64 | 0.2.2 | 8.00 | 72.00 | 80.00 | OK | |
| r-release-windows-x86_64 | 0.2.2 | 13.00 | 98.00 | 111.00 | OK | |
| r-oldrel-macos-arm64 | 0.2.2 | 5.00 | 38.00 | 43.00 | OK | |
| r-oldrel-macos-x86_64 | 0.2.2 | 13.00 | 123.00 | 136.00 | OK | |
| r-oldrel-windows-x86_64 | 0.2.2 | 16.00 | 126.00 | 142.00 | OK |
Version: 0.2.2
Check: dependencies in R code
Result: NOTE
Namespace in Imports field not imported from: ‘markdown’
All declared Imports should be used.
Flavors: r-devel-linux-x86_64-fedora-clang, r-devel-linux-x86_64-fedora-gcc