CRAN Package Check Results for Package capitalR

Last updated on 2025-10-21 17:49:43 CEST.

Flavor Version Tinstall Tcheck Ttotal Status Flags
r-devel-linux-x86_64-debian-clang 1.3.0 1.72 22.38 24.10 NOTE
r-devel-linux-x86_64-debian-gcc 1.3.0 1.54 17.87 19.41 NOTE
r-devel-linux-x86_64-fedora-clang 1.3.0 30.64 OK
r-devel-linux-x86_64-fedora-gcc 1.3.0 49.48 OK
r-devel-windows-x86_64 1.3.0 3.00 41.00 44.00 OK
r-patched-linux-x86_64 1.3.0 2.12 21.34 23.46 OK
r-release-linux-x86_64 1.3.0 1.94 21.34 23.28 OK
r-release-macos-arm64 1.3.0 2.00 24.00 26.00 OK
r-release-macos-x86_64 1.3.0 2.00 38.00 40.00 OK
r-release-windows-x86_64 1.3.0 4.00 45.00 49.00 OK
r-oldrel-macos-arm64 1.3.0 1.00 28.00 29.00 NOTE
r-oldrel-macos-x86_64 1.3.0 3.00 40.00 43.00 NOTE
r-oldrel-windows-x86_64 1.3.0 4.00 47.00 51.00 NOTE

Check Details

Version: 1.3.0
Check: CRAN incoming feasibility
Result: NOTE Maintainer: ‘John T. Buynak <jbuynak94@gmail.com>’ No Authors@R field in DESCRIPTION. Please add one, modifying Authors@R: person(given = c("John", "T."), family = "Buynak", role = c("aut", "cre"), email = "jbuynak94@gmail.com") as necessary. Flavors: r-devel-linux-x86_64-debian-clang, r-devel-linux-x86_64-debian-gcc

Version: 1.3.0
Check: LazyData
Result: NOTE 'LazyData' is specified without a 'data' directory Flavors: r-oldrel-macos-arm64, r-oldrel-macos-x86_64, r-oldrel-windows-x86_64